{"id":1166,"date":"2016-06-05T12:02:55","date_gmt":"2016-06-05T11:02:55","guid":{"rendered":"http:\/\/wordpress.derwegderwoelfe.de\/?page_id=1166"},"modified":"2025-08-05T08:25:15","modified_gmt":"2025-08-05T07:25:15","slug":"der-weg-der-woelfe","status":"publish","type":"page","link":"https:\/\/wordpress.derwegderwoelfe.de\/","title":{"rendered":"Der Weg der W\u00f6lfe"},"content":{"rendered":"\n<h2 class=\"wp-block-heading has-text-align-center\"><a href=\"https:\/\/wordpress.derwegderwoelfe.de\/?p=3796\" data-type=\"post\" data-id=\"3721\">Impressionen Karpatentour 2025 <\/a><\/h2>\n\n\n\n<h2 class=\"wp-block-heading\"><span style=\"color: #ff6600;\">Wissen \u00f6ffnet Horizonte!<\/span><\/h2>\n\n\n\n<p>Mein Slogen und das meine ich w\u00f6rtlich. Im modernen Wildtiermanagement ist die Bildungsarbeit einer der wichtigsten Arbeitsbereiche.<\/p>\n\n\n\n<p>Fehlendes Wissen, Ignoranz, Egoismus und \u00dcberheblichkeit sind die Hauptursachen f\u00fcr Konflikte in der Mensch-Wildtierbeziehung.<\/p>\n\n\n\n<h2 class=\"wp-block-heading\"><span style=\"color: #339966;\">\u00dcberzeugung schafft Lebensraum!<\/span><\/h2>\n\n\n<div class=\"wp-block-image\">\n<figure class=\"aligncenter size-full\"><a href=\"https:\/\/wordpress.derwegderwoelfe.de\/?page_id=61\"><img loading=\"lazy\" decoding=\"async\" width=\"650\" height=\"183\" src=\"https:\/\/wordpress.derwegderwoelfe.de\/wp-content\/uploads\/2016\/06\/Schule-Allg\u00e4u-2.jpg\" alt=\"\" class=\"wp-image-1208\" srcset=\"https:\/\/wordpress.derwegderwoelfe.de\/wp-content\/uploads\/2016\/06\/Schule-Allg\u00e4u-2.jpg 650w, https:\/\/wordpress.derwegderwoelfe.de\/wp-content\/uploads\/2016\/06\/Schule-Allg\u00e4u-2-300x84.jpg 300w, https:\/\/wordpress.derwegderwoelfe.de\/wp-content\/uploads\/2016\/06\/Schule-Allg\u00e4u-2-500x141.jpg 500w\" sizes=\"auto, (max-width: 650px) 100vw, 650px\" \/><\/a><figcaption class=\"wp-element-caption\">Bildung<\/figcaption><\/figure>\n<\/div>\n\n<div class=\"wp-block-image\">\n<figure class=\"aligncenter size-full\"><a href=\"https:\/\/wordpress.derwegderwoelfe.de\/?page_id=44\"><img loading=\"lazy\" decoding=\"async\" width=\"800\" height=\"313\" src=\"https:\/\/wordpress.derwegderwoelfe.de\/wp-content\/uploads\/2016\/04\/DSCN3034.jpg\" alt=\"\" class=\"wp-image-1083\" srcset=\"https:\/\/wordpress.derwegderwoelfe.de\/wp-content\/uploads\/2016\/04\/DSCN3034.jpg 800w, https:\/\/wordpress.derwegderwoelfe.de\/wp-content\/uploads\/2016\/04\/DSCN3034-300x117.jpg 300w, https:\/\/wordpress.derwegderwoelfe.de\/wp-content\/uploads\/2016\/04\/DSCN3034-768x300.jpg 768w, https:\/\/wordpress.derwegderwoelfe.de\/wp-content\/uploads\/2016\/04\/DSCN3034-500x196.jpg 500w\" sizes=\"auto, (max-width: 800px) 100vw, 800px\" \/><\/a><figcaption class=\"wp-element-caption\">Exkursionen<\/figcaption><\/figure>\n<\/div>\n\n<div class=\"wp-block-image wp-image-1199 size-full\">\n<figure class=\"aligncenter\"><a href=\"https:\/\/wordpress.derwegderwoelfe.de\/?page_id=38\"><img loading=\"lazy\" decoding=\"async\" width=\"650\" height=\"196\" src=\"https:\/\/wordpress.derwegderwoelfe.de\/wp-content\/uploads\/2016\/09\/DSCN3491.jpg\" alt=\"\" class=\"wp-image-1457\" srcset=\"https:\/\/wordpress.derwegderwoelfe.de\/wp-content\/uploads\/2016\/09\/DSCN3491.jpg 650w, https:\/\/wordpress.derwegderwoelfe.de\/wp-content\/uploads\/2016\/09\/DSCN3491-300x90.jpg 300w, https:\/\/wordpress.derwegderwoelfe.de\/wp-content\/uploads\/2016\/09\/DSCN3491-500x151.jpg 500w\" sizes=\"auto, (max-width: 650px) 100vw, 650px\" \/><\/a><figcaption class=\"wp-element-caption\">Expedition<\/figcaption><\/figure>\n<\/div>\n\n\n<p><a href=\"https:\/\/vimeo.com\/233961796\">Interview Videoclip Bayern-Wild TV zum neuen Lehrmaterial Wolf:<\/a><\/p>\n\n\n<div class=\"wp-block-image\">\n<figure class=\"aligncenter\"><a href=\"https:\/\/wordpress.derwegderwoelfe.de\/?page_id=283\"><img loading=\"lazy\" decoding=\"async\" width=\"650\" height=\"186\" src=\"https:\/\/wordpress.derwegderwoelfe.de\/wp-content\/uploads\/2016\/06\/Ausstellung-Filderstadt024.jpg\" alt=\"Ausstellung Filderstadt024\" class=\"wp-image-1214\" srcset=\"https:\/\/wordpress.derwegderwoelfe.de\/wp-content\/uploads\/2016\/06\/Ausstellung-Filderstadt024.jpg 650w, https:\/\/wordpress.derwegderwoelfe.de\/wp-content\/uploads\/2016\/06\/Ausstellung-Filderstadt024-300x86.jpg 300w, https:\/\/wordpress.derwegderwoelfe.de\/wp-content\/uploads\/2016\/06\/Ausstellung-Filderstadt024-500x143.jpg 500w\" sizes=\"auto, (max-width: 650px) 100vw, 650px\" \/><\/a><figcaption class=\"wp-element-caption\">Bibliothek<\/figcaption><\/figure>\n<\/div>\n\n\n<h4 class=\"wp-block-heading\"><a href=\"https:\/\/wordpress.derwegderwoelfe.de\/?page_id=275\">Das Projekt &#8222;Der Weg der W\u00f6lfe&#8220;, und mehr&#8230;<\/a><\/h4>\n\n\n<div class=\"wp-block-image\">\n<figure class=\"alignleft\"><a href=\"https:\/\/wordpress.derwegderwoelfe.de\/?page_id=275\"><img loading=\"lazy\" decoding=\"async\" width=\"225\" height=\"300\" src=\"https:\/\/wordpress.derwegderwoelfe.de\/wp-content\/uploads\/2013\/08\/graphic028.jpg\" alt=\"graphic028\" class=\"wp-image-7\"\/><\/a><\/figure>\n<\/div>\n\n<div class=\"wp-block-image\">\n<figure class=\"alignleft\"><a href=\"https:\/\/wordpress.derwegderwoelfe.de\/?page_id=275\"><img loading=\"lazy\" decoding=\"async\" width=\"300\" height=\"150\" src=\"https:\/\/wordpress.derwegderwoelfe.de\/wp-content\/uploads\/2016\/06\/Banner-first-Page-300x150.jpg\" alt=\"Banner first Page\" class=\"wp-image-1225\" srcset=\"https:\/\/wordpress.derwegderwoelfe.de\/wp-content\/uploads\/2016\/06\/Banner-first-Page-300x150.jpg 300w, https:\/\/wordpress.derwegderwoelfe.de\/wp-content\/uploads\/2016\/06\/Banner-first-Page-500x250.jpg 500w, https:\/\/wordpress.derwegderwoelfe.de\/wp-content\/uploads\/2016\/06\/Banner-first-Page.jpg 600w\" sizes=\"auto, (max-width: 300px) 100vw, 300px\" \/><\/a><\/figure>\n<\/div>","protected":false},"excerpt":{"rendered":"<p>Impressionen Karpatentour 2025 Wissen \u00f6ffnet Horizonte! Mein Slogen und das meine ich w\u00f6rtlich. Im modernen Wildtiermanagement ist die Bildungsarbeit einer der wichtigsten Arbeitsbereiche. Fehlendes Wissen, Ignoranz, Egoismus und \u00dcberheblichkeit sind die Hauptursachen f\u00fcr Konflikte in der Mensch-Wildtierbeziehung. \u00dcberzeugung schafft Lebensraum! &hellip; <a class=\"more-link\" href=\"https:\/\/wordpress.derwegderwoelfe.de\/\">Weiterlesen <span class=\"meta-nav\">&rarr;<\/span><\/a><\/p>\n","protected":false},"author":1,"featured_media":0,"parent":0,"menu_order":0,"comment_status":"closed","ping_status":"closed","template":"","meta":{"footnotes":""},"class_list":["post-1166","page","type-page","status-publish","hentry"],"_links":{"self":[{"href":"https:\/\/wordpress.derwegderwoelfe.de\/index.php?rest_route=\/wp\/v2\/pages\/1166","targetHints":{"allow":["GET"]}}],"collection":[{"href":"https:\/\/wordpress.derwegderwoelfe.de\/index.php?rest_route=\/wp\/v2\/pages"}],"about":[{"href":"https:\/\/wordpress.derwegderwoelfe.de\/index.php?rest_route=\/wp\/v2\/types\/page"}],"author":[{"embeddable":true,"href":"https:\/\/wordpress.derwegderwoelfe.de\/index.php?rest_route=\/wp\/v2\/users\/1"}],"replies":[{"embeddable":true,"href":"https:\/\/wordpress.derwegderwoelfe.de\/index.php?rest_route=%2Fwp%2Fv2%2Fcomments&post=1166"}],"version-history":[{"count":152,"href":"https:\/\/wordpress.derwegderwoelfe.de\/index.php?rest_route=\/wp\/v2\/pages\/1166\/revisions"}],"predecessor-version":[{"id":3806,"href":"https:\/\/wordpress.derwegderwoelfe.de\/index.php?rest_route=\/wp\/v2\/pages\/1166\/revisions\/3806"}],"wp:attachment":[{"href":"https:\/\/wordpress.derwegderwoelfe.de\/index.php?rest_route=%2Fwp%2Fv2%2Fmedia&parent=1166"}],"curies":[{"name":"wp","href":"https:\/\/api.w.org\/{rel}","templated":true}]}}

Der Weg der Wölfe

<h2 class="wp-block-heading has-text-align-center"><a href="https://wordpress.derwegderwoelfe.de/?p=3796" data-type="post" data-id="3721">Impressionen Karpatentour 2025 </a></h2>



<h2 class="wp-block-heading"><span style="color: #ff6600;">Wissen öffnet Horizonte!</span></h2>



<p>Mein Slogen und das meine ich wörtlich. Im modernen Wildtiermanagement ist die Bildungsarbeit einer der wichtigsten Arbeitsbereiche.</p>



<p>Fehlendes Wissen, Ignoranz, Egoismus und Überheblichkeit sind die Hauptursachen für Konflikte in der Mensch-Wildtierbeziehung.</p>



<h2 class="wp-block-heading"><span style="color: #339966;">Überzeugung schafft Lebensraum!</span></h2>


<div class="wp-block-image">
<figure class="aligncenter size-full"><a href="https://wordpress.derwegderwoelfe.de/?page_id=61"><img loading="lazy" decoding="async" width="650" height="183" src="https://wordpress.derwegderwoelfe.de/wp-content/uploads/2016/06/Schule-Allgäu-2.jpg" alt="" class="wp-image-1208" srcset="https://wordpress.derwegderwoelfe.de/wp-content/uploads/2016/06/Schule-Allgäu-2.jpg 650w, https://wordpress.derwegderwoelfe.de/wp-content/uploads/2016/06/Schule-Allgäu-2-300x84.jpg 300w, https://wordpress.derwegderwoelfe.de/wp-content/uploads/2016/06/Schule-Allgäu-2-500x141.jpg 500w" sizes="auto, (max-width: 650px) 100vw, 650px" /></a><figcaption class="wp-element-caption">Bildung</figcaption></figure>
</div>

<div class="wp-block-image">
<figure class="aligncenter size-full"><a href="https://wordpress.derwegderwoelfe.de/?page_id=44"><img loading="lazy" decoding="async" width="800" height="313" src="https://wordpress.derwegderwoelfe.de/wp-content/uploads/2016/04/DSCN3034.jpg" alt="" class="wp-image-1083" srcset="https://wordpress.derwegderwoelfe.de/wp-content/uploads/2016/04/DSCN3034.jpg 800w, https://wordpress.derwegderwoelfe.de/wp-content/uploads/2016/04/DSCN3034-300x117.jpg 300w, https://wordpress.derwegderwoelfe.de/wp-content/uploads/2016/04/DSCN3034-768x300.jpg 768w, https://wordpress.derwegderwoelfe.de/wp-content/uploads/2016/04/DSCN3034-500x196.jpg 500w" sizes="auto, (max-width: 800px) 100vw, 800px" /></a><figcaption class="wp-element-caption">Exkursionen</figcaption></figure>
</div>

<div class="wp-block-image wp-image-1199 size-full">
<figure class="aligncenter"><a href="https://wordpress.derwegderwoelfe.de/?page_id=38"><img loading="lazy" decoding="async" width="650" height="196" src="https://wordpress.derwegderwoelfe.de/wp-content/uploads/2016/09/DSCN3491.jpg" alt="" class="wp-image-1457" srcset="https://wordpress.derwegderwoelfe.de/wp-content/uploads/2016/09/DSCN3491.jpg 650w, https://wordpress.derwegderwoelfe.de/wp-content/uploads/2016/09/DSCN3491-300x90.jpg 300w, https://wordpress.derwegderwoelfe.de/wp-content/uploads/2016/09/DSCN3491-500x151.jpg 500w" sizes="auto, (max-width: 650px) 100vw, 650px" /></a><figcaption class="wp-element-caption">Expedition</figcaption></figure>
</div>


<p><a href="https://vimeo.com/233961796">Interview Videoclip Bayern-Wild TV zum neuen Lehrmaterial Wolf:</a></p>


<div class="wp-block-image">
<figure class="aligncenter"><a href="https://wordpress.derwegderwoelfe.de/?page_id=283"><img loading="lazy" decoding="async" width="650" height="186" src="https://wordpress.derwegderwoelfe.de/wp-content/uploads/2016/06/Ausstellung-Filderstadt024.jpg" alt="Ausstellung Filderstadt024" class="wp-image-1214" srcset="https://wordpress.derwegderwoelfe.de/wp-content/uploads/2016/06/Ausstellung-Filderstadt024.jpg 650w, https://wordpress.derwegderwoelfe.de/wp-content/uploads/2016/06/Ausstellung-Filderstadt024-300x86.jpg 300w, https://wordpress.derwegderwoelfe.de/wp-content/uploads/2016/06/Ausstellung-Filderstadt024-500x143.jpg 500w" sizes="auto, (max-width: 650px) 100vw, 650px" /></a><figcaption class="wp-element-caption">Bibliothek</figcaption></figure>
</div>


<h4 class="wp-block-heading"><a href="https://wordpress.derwegderwoelfe.de/?page_id=275">Das Projekt &#8222;Der Weg der Wölfe&#8220;, und mehr&#8230;</a></h4>


<div class="wp-block-image">
<figure class="alignleft"><a href="https://wordpress.derwegderwoelfe.de/?page_id=275"><img loading="lazy" decoding="async" width="225" height="300" src="https://wordpress.derwegderwoelfe.de/wp-content/uploads/2013/08/graphic028.jpg" alt="graphic028" class="wp-image-7"/></a></figure>
</div>

<div class="wp-block-image">
<figure class="alignleft"><a href="https://wordpress.derwegderwoelfe.de/?page_id=275"><img loading="lazy" decoding="async" width="300" height="150" src="https://wordpress.derwegderwoelfe.de/wp-content/uploads/2016/06/Banner-first-Page-300x150.jpg" alt="Banner first Page" class="wp-image-1225" srcset="https://wordpress.derwegderwoelfe.de/wp-content/uploads/2016/06/Banner-first-Page-300x150.jpg 300w, https://wordpress.derwegderwoelfe.de/wp-content/uploads/2016/06/Banner-first-Page-500x250.jpg 500w, https://wordpress.derwegderwoelfe.de/wp-content/uploads/2016/06/Banner-first-Page.jpg 600w" sizes="auto, (max-width: 300px) 100vw, 300px" /></a></figure>
</div>

<p>Impressionen Karpatentour 2025 Wissen öffnet Horizonte! Mein Slogen und das meine ich wörtlich. Im modernen Wildtiermanagement ist die Bildungsarbeit einer der wichtigsten Arbeitsbereiche. Fehlendes Wissen, Ignoranz, Egoismus und Überheblichkeit sind die Hauptursachen für Konflikte in der Mensch-Wildtierbeziehung. Überzeugung schafft Lebensraum! &hellip; <a class="more-link" href="https://wordpress.derwegderwoelfe.de/">Weiterlesen <span class="meta-nav">&rarr;</span></a></p>
