{"id":1239,"date":"2016-06-07T10:11:50","date_gmt":"2016-06-07T09:11:50","guid":{"rendered":"http:\/\/wordpress.derwegderwoelfe.de\/?page_id=1239"},"modified":"2021-06-24T12:08:15","modified_gmt":"2021-06-24T11:08:15","slug":"aktuelle-expeditionen","status":"publish","type":"page","link":"https:\/\/wordpress.derwegderwoelfe.de\/?page_id=1239","title":{"rendered":"Expeditionen Portugal-Deutschland"},"content":{"rendered":"<h2 style=\"text-align: center;\"><span style=\"color: #ff0000;\">Durchf\u00fchrung wegen Corona Pandemie auf 2022 verschoben! \u00c4nderung! Keine Teilnehmer!<\/span><\/h2>\n<h2 style=\"text-align: center;\">Teil 1 Expedition: Portugal &#8211; Spanien<\/h2>\n<p><span style=\"color: #000000;\"><a href=\"https:\/\/wordpress.derwegderwoelfe.de\/wp-content\/uploads\/2020\/08\/geplanter-Streckenverlauf-2021.jpg\"><img loading=\"lazy\" decoding=\"async\" class=\"aligncenter size-full wp-image-2818\" src=\"https:\/\/wordpress.derwegderwoelfe.de\/wp-content\/uploads\/2020\/08\/geplanter-Streckenverlauf-2021.jpg\" alt=\"\" width=\"1556\" height=\"981\" srcset=\"https:\/\/wordpress.derwegderwoelfe.de\/wp-content\/uploads\/2020\/08\/geplanter-Streckenverlauf-2021.jpg 1556w, https:\/\/wordpress.derwegderwoelfe.de\/wp-content\/uploads\/2020\/08\/geplanter-Streckenverlauf-2021-300x189.jpg 300w, https:\/\/wordpress.derwegderwoelfe.de\/wp-content\/uploads\/2020\/08\/geplanter-Streckenverlauf-2021-1024x646.jpg 1024w, https:\/\/wordpress.derwegderwoelfe.de\/wp-content\/uploads\/2020\/08\/geplanter-Streckenverlauf-2021-768x484.jpg 768w, https:\/\/wordpress.derwegderwoelfe.de\/wp-content\/uploads\/2020\/08\/geplanter-Streckenverlauf-2021-1536x968.jpg 1536w, https:\/\/wordpress.derwegderwoelfe.de\/wp-content\/uploads\/2020\/08\/geplanter-Streckenverlauf-2021-476x300.jpg 476w\" sizes=\"auto, (max-width: 1556px) 100vw, 1556px\" \/><\/a>Die gesamte Expeditionsstrecke von Portugal bis nach Deutschland teile ich wegen der L\u00e4nge und den vielen unterschiedlichen Regionen in mehrere Abschnitte auf. Wegen der Corona Pandemie habe ich die Expedition neu geplant und ich starte im Fr\u00fchjahr 2022. Die erneute Verschiebung ist ebenfalls durch die Coronapandemie und den wirtschaftlichen Folgen geschuldet. Priorit\u00e4t hat jetzt die Herstellung der wirtschaftlichen Stabilit\u00e4t. Das gelingt mit jetzt hoffentlich bis zum Fr\u00fchjahr, auch wenn eine zuverl\u00e4ssige Planung noch nicht absehbar ist. Ich arbeite weiterhin an den M\u00f6glichkeiten mich online auf den Expeditionen zu besuchen und quasie virtuell teilzunehmen.<br \/>\n<\/span><\/p>\n<h4><a href=\"https:\/\/wordpress.derwegderwoelfe.de\/?p=2604\">erste Impressionen aus der Vorbereitung zur Expedition<\/a><\/h4>\n<h2><a href=\"https:\/\/wordpress.derwegderwoelfe.de\/?p=2604\"><img loading=\"lazy\" decoding=\"async\" class=\"aligncenter size-full wp-image-2629\" src=\"https:\/\/wordpress.derwegderwoelfe.de\/wp-content\/uploads\/2019\/11\/DSCN6394.jpg\" alt=\"\" width=\"800\" height=\"348\" srcset=\"https:\/\/wordpress.derwegderwoelfe.de\/wp-content\/uploads\/2019\/11\/DSCN6394.jpg 800w, https:\/\/wordpress.derwegderwoelfe.de\/wp-content\/uploads\/2019\/11\/DSCN6394-300x131.jpg 300w, https:\/\/wordpress.derwegderwoelfe.de\/wp-content\/uploads\/2019\/11\/DSCN6394-768x334.jpg 768w, https:\/\/wordpress.derwegderwoelfe.de\/wp-content\/uploads\/2019\/11\/DSCN6394-500x218.jpg 500w\" sizes=\"auto, (max-width: 800px) 100vw, 800px\" \/><\/a><\/h2>\n<p><span style=\"color: #000000;\">Ich habe mir eine Expeditionsroute ausgedacht mit verschiedenen Zielregionen f\u00fcr mehrt\u00e4gige Wanderung. Zwischen den Zielregionen fahre ich mit meinem Expeditionsfahrzeug. Ich habe maximale Flexibilit\u00e4t kann sofort auf alle Ereignisse reagieren. Falls es zu einem erneuten h\u00f6heren Covid-19 Infektionsgeschehen kommen sollte, kann ich die Expedition jederzeit sofort unterbrechen. Auf der Karte oben habe ich die vorgeplanten Route (violette Line) eingezeichnet und die verschiedenen Zielgebiete mit roten Sterne gekennzeichnet. <\/span><\/p>\n<p><span style=\"color: #000000;\">Zeit und Streckenplan f\u00fcr das Fr\u00fchjahr 2022 muss ich neu ausarbeiten.<br \/>\n<\/span><\/p>\n<p><span style=\"color: #000000;\">Pro Woche sind etwa zwei rote Sterne (siehe Karte) als Basispunkt geplant. Sie sollen nur einen Anhaltspunkt geben wo in etwa wir unterwegs sein werden. Oft sind Schutzgebiete in der N\u00e4he.<br \/>\n<\/span><\/p>\n<p>Es sind insgesamt 8 Wochen f\u00fcr die Expedition geplant.<\/p>\n<p><span style=\"color: #000000;\"><strong>1.Woche: April<br \/>\n<\/strong><\/span><\/p>\n<p><span style=\"color: #000000;\">Portugal Gebiet 1+2: Hochebene Castro Laboreiro Peneda-Ger\u00eas National Park und westliche Region zum Atlantik<\/span><\/p>\n<p><span style=\"color: #000000;\"><strong>2.Woche: April<br \/>\n<\/strong><\/span><\/p>\n<p><span style=\"color: #000000;\">Galicien Gebiet 3+4: westl. Maceda + \u00f6stl. Lamaigrexa<\/span><\/p>\n<p><span style=\"color: #000000;\"><strong>3.Woche: April\/Mai<br \/>\n<\/strong><\/span><\/p>\n<p><span style=\"color: #000000;\">Galicien Gebiet 5+6: Lugo + Barco Serra da Enci\u00f1a da Lastra<\/span><\/p>\n<p><span style=\"color: #000000;\"><strong>4.Woche: April\/Mai<br \/>\n<\/strong><\/span><\/p>\n<p><span style=\"color: #000000;\">Asturien Gebiet 7+8: Tablado + Somiedo (Somiedo Natural Park)<\/span><\/p>\n<p><span style=\"color: #000000;\"><strong>5.Woche: Mai<br \/>\n<\/strong><\/span><\/p>\n<p><span style=\"color: #000000;\">Asturien Gebiet 9 + 10: Barzana + Cabanaquinta<\/span><\/p>\n<p><span style=\"color: #000000;\"><strong>6.Woche: Mai<br \/>\n<\/strong><\/span><\/p>\n<p><span style=\"color: #000000;\">Asturien\/Kastilien Gebiet 11 + 12: Ponga (Schutzgebiet) + Cremenes\/Riano<\/span><\/p>\n<p><span style=\"color: #000000;\"><strong>7.Woche: Mai\/Juni<br \/>\n<\/strong><\/span><\/p>\n<p><span style=\"color: #000000;\">Kastilien\/Kantabrien Gebiet 13+14: Triollo (Natural Park of Fuentes Carrionas and Fuente Cobre-Monta\u00f1a Palentina) + Potes<\/span><\/p>\n<p><span style=\"color: #000000;\"><strong>8.Woche: Mai\/Juni<br \/>\n<\/strong><\/span><\/p>\n<p><span style=\"color: #000000;\">Kantabrien\/Kastilien Gebiet 15+16: Reinosa (Saja-Besaya Natural Park) + Ona (Montes Obarenes-San Zadornil Natural Park)<\/span><\/p>\n<p style=\"text-align: left;\"><span style=\"color: #000000;\">Zielsetzung aller Expedition ist es den lokalen Lebensraum besser kennen zu lernen. Wie leben die Menschen vor Ort, wie ist der Umgang mit den Wildtieren? Welche Wildtierarten lassen sich in welcher H\u00e4ufigkeit dokumentieren? Die Zielgebiete sind mir meistens unbekannt, was den Expeditionscharakter unterstreicht. Das bedeutet, dass ich vorher selber keine Ahnung habe wie die Wege verlaufen und welche Abenteuer auf mich warten. Die Abenteuer und die physischen und mentalen Herausforderungen werden dabei nicht zu kurz kommen.<\/span><\/p>\n<p style=\"text-align: left;\"><em>Die dunkel markierten Fl\u00e4chen sind Wolfsregionen. In Russland gibt es nat\u00fcrlich auch W\u00f6lfe, ist hier aber nicht eingezeichnet b) die roten Linien markieren die schon durchwanderten Expeditionsstrecken.<a href=\"https:\/\/wordpress.derwegderwoelfe.de\/wp-content\/uploads\/2019\/08\/Der-Weg-der-W\u00f6lfe-Expeditionsstrecken-2019.jpg\"><img loading=\"lazy\" decoding=\"async\" class=\"aligncenter wp-image-2093 size-large\" src=\"https:\/\/wordpress.derwegderwoelfe.de\/wp-content\/uploads\/2019\/08\/Der-Weg-der-W\u00f6lfe-Expeditionsstrecken-2019-1024x727.jpg\" alt=\"\" width=\"940\" height=\"667\" srcset=\"https:\/\/wordpress.derwegderwoelfe.de\/wp-content\/uploads\/2019\/08\/Der-Weg-der-W\u00f6lfe-Expeditionsstrecken-2019-1024x727.jpg 1024w, https:\/\/wordpress.derwegderwoelfe.de\/wp-content\/uploads\/2019\/08\/Der-Weg-der-W\u00f6lfe-Expeditionsstrecken-2019-300x213.jpg 300w, https:\/\/wordpress.derwegderwoelfe.de\/wp-content\/uploads\/2019\/08\/Der-Weg-der-W\u00f6lfe-Expeditionsstrecken-2019-768x545.jpg 768w, https:\/\/wordpress.derwegderwoelfe.de\/wp-content\/uploads\/2019\/08\/Der-Weg-der-W\u00f6lfe-Expeditionsstrecken-2019-422x300.jpg 422w\" sizes=\"auto, (max-width: 940px) 100vw, 940px\" \/><\/a><\/em><\/p>\n","protected":false},"excerpt":{"rendered":"<p>Durchf\u00fchrung wegen Corona Pandemie auf 2022 verschoben! \u00c4nderung! Keine Teilnehmer! Teil 1 Expedition: Portugal &#8211; Spanien Die gesamte Expeditionsstrecke von Portugal bis nach Deutschland teile ich wegen der L\u00e4nge und den vielen unterschiedlichen Regionen in mehrere Abschnitte auf. Wegen der &hellip; <a class=\"more-link\" href=\"https:\/\/wordpress.derwegderwoelfe.de\/?page_id=1239\">Weiterlesen <span class=\"meta-nav\">&rarr;<\/span><\/a><\/p>\n","protected":false},"author":1,"featured_media":0,"parent":0,"menu_order":0,"comment_status":"closed","ping_status":"closed","template":"","meta":{"footnotes":""},"class_list":["post-1239","page","type-page","status-publish","hentry"],"_links":{"self":[{"href":"https:\/\/wordpress.derwegderwoelfe.de\/index.php?rest_route=\/wp\/v2\/pages\/1239","targetHints":{"allow":["GET"]}}],"collection":[{"href":"https:\/\/wordpress.derwegderwoelfe.de\/index.php?rest_route=\/wp\/v2\/pages"}],"about":[{"href":"https:\/\/wordpress.derwegderwoelfe.de\/index.php?rest_route=\/wp\/v2\/types\/page"}],"author":[{"embeddable":true,"href":"https:\/\/wordpress.derwegderwoelfe.de\/index.php?rest_route=\/wp\/v2\/users\/1"}],"replies":[{"embeddable":true,"href":"https:\/\/wordpress.derwegderwoelfe.de\/index.php?rest_route=%2Fwp%2Fv2%2Fcomments&post=1239"}],"version-history":[{"count":33,"href":"https:\/\/wordpress.derwegderwoelfe.de\/index.php?rest_route=\/wp\/v2\/pages\/1239\/revisions"}],"predecessor-version":[{"id":2870,"href":"https:\/\/wordpress.derwegderwoelfe.de\/index.php?rest_route=\/wp\/v2\/pages\/1239\/revisions\/2870"}],"wp:attachment":[{"href":"https:\/\/wordpress.derwegderwoelfe.de\/index.php?rest_route=%2Fwp%2Fv2%2Fmedia&parent=1239"}],"curies":[{"name":"wp","href":"https:\/\/api.w.org\/{rel}","templated":true}]}}

<h2 style="text-align: center;"><span style="color: #ff0000;">Durchführung wegen Corona Pandemie auf 2022 verschoben! Änderung! Keine Teilnehmer!</span></h2>
<h2 style="text-align: center;">Teil 1 Expedition: Portugal &#8211; Spanien</h2>
<p><span style="color: #000000;"><a href="https://wordpress.derwegderwoelfe.de/wp-content/uploads/2020/08/geplanter-Streckenverlauf-2021.jpg"><img loading="lazy" decoding="async" class="aligncenter size-full wp-image-2818" src="https://wordpress.derwegderwoelfe.de/wp-content/uploads/2020/08/geplanter-Streckenverlauf-2021.jpg" alt="" width="1556" height="981" srcset="https://wordpress.derwegderwoelfe.de/wp-content/uploads/2020/08/geplanter-Streckenverlauf-2021.jpg 1556w, https://wordpress.derwegderwoelfe.de/wp-content/uploads/2020/08/geplanter-Streckenverlauf-2021-300x189.jpg 300w, https://wordpress.derwegderwoelfe.de/wp-content/uploads/2020/08/geplanter-Streckenverlauf-2021-1024x646.jpg 1024w, https://wordpress.derwegderwoelfe.de/wp-content/uploads/2020/08/geplanter-Streckenverlauf-2021-768x484.jpg 768w, https://wordpress.derwegderwoelfe.de/wp-content/uploads/2020/08/geplanter-Streckenverlauf-2021-1536x968.jpg 1536w, https://wordpress.derwegderwoelfe.de/wp-content/uploads/2020/08/geplanter-Streckenverlauf-2021-476x300.jpg 476w" sizes="auto, (max-width: 1556px) 100vw, 1556px" /></a>Die gesamte Expeditionsstrecke von Portugal bis nach Deutschland teile ich wegen der Länge und den vielen unterschiedlichen Regionen in mehrere Abschnitte auf. Wegen der Corona Pandemie habe ich die Expedition neu geplant und ich starte im Frühjahr 2022. Die erneute Verschiebung ist ebenfalls durch die Coronapandemie und den wirtschaftlichen Folgen geschuldet. Priorität hat jetzt die Herstellung der wirtschaftlichen Stabilität. Das gelingt mit jetzt hoffentlich bis zum Frühjahr, auch wenn eine zuverlässige Planung noch nicht absehbar ist. Ich arbeite weiterhin an den Möglichkeiten mich online auf den Expeditionen zu besuchen und quasie virtuell teilzunehmen.<br />
</span></p>
<h4><a href="https://wordpress.derwegderwoelfe.de/?p=2604">erste Impressionen aus der Vorbereitung zur Expedition</a></h4>
<h2><a href="https://wordpress.derwegderwoelfe.de/?p=2604"><img loading="lazy" decoding="async" class="aligncenter size-full wp-image-2629" src="https://wordpress.derwegderwoelfe.de/wp-content/uploads/2019/11/DSCN6394.jpg" alt="" width="800" height="348" srcset="https://wordpress.derwegderwoelfe.de/wp-content/uploads/2019/11/DSCN6394.jpg 800w, https://wordpress.derwegderwoelfe.de/wp-content/uploads/2019/11/DSCN6394-300x131.jpg 300w, https://wordpress.derwegderwoelfe.de/wp-content/uploads/2019/11/DSCN6394-768x334.jpg 768w, https://wordpress.derwegderwoelfe.de/wp-content/uploads/2019/11/DSCN6394-500x218.jpg 500w" sizes="auto, (max-width: 800px) 100vw, 800px" /></a></h2>
<p><span style="color: #000000;">Ich habe mir eine Expeditionsroute ausgedacht mit verschiedenen Zielregionen für mehrtägige Wanderung. Zwischen den Zielregionen fahre ich mit meinem Expeditionsfahrzeug. Ich habe maximale Flexibilität kann sofort auf alle Ereignisse reagieren. Falls es zu einem erneuten höheren Covid-19 Infektionsgeschehen kommen sollte, kann ich die Expedition jederzeit sofort unterbrechen. Auf der Karte oben habe ich die vorgeplanten Route (violette Line) eingezeichnet und die verschiedenen Zielgebiete mit roten Sterne gekennzeichnet. </span></p>
<p><span style="color: #000000;">Zeit und Streckenplan für das Frühjahr 2022 muss ich neu ausarbeiten.<br />
</span></p>
<p><span style="color: #000000;">Pro Woche sind etwa zwei rote Sterne (siehe Karte) als Basispunkt geplant. Sie sollen nur einen Anhaltspunkt geben wo in etwa wir unterwegs sein werden. Oft sind Schutzgebiete in der Nähe.<br />
</span></p>
<p>Es sind insgesamt 8 Wochen für die Expedition geplant.</p>
<p><span style="color: #000000;"><strong>1.Woche: April<br />
</strong></span></p>
<p><span style="color: #000000;">Portugal Gebiet 1+2: Hochebene Castro Laboreiro Peneda-Gerês National Park und westliche Region zum Atlantik</span></p>
<p><span style="color: #000000;"><strong>2.Woche: April<br />
</strong></span></p>
<p><span style="color: #000000;">Galicien Gebiet 3+4: westl. Maceda + östl. Lamaigrexa</span></p>
<p><span style="color: #000000;"><strong>3.Woche: April/Mai<br />
</strong></span></p>
<p><span style="color: #000000;">Galicien Gebiet 5+6: Lugo + Barco Serra da Enciña da Lastra</span></p>
<p><span style="color: #000000;"><strong>4.Woche: April/Mai<br />
</strong></span></p>
<p><span style="color: #000000;">Asturien Gebiet 7+8: Tablado + Somiedo (Somiedo Natural Park)</span></p>
<p><span style="color: #000000;"><strong>5.Woche: Mai<br />
</strong></span></p>
<p><span style="color: #000000;">Asturien Gebiet 9 + 10: Barzana + Cabanaquinta</span></p>
<p><span style="color: #000000;"><strong>6.Woche: Mai<br />
</strong></span></p>
<p><span style="color: #000000;">Asturien/Kastilien Gebiet 11 + 12: Ponga (Schutzgebiet) + Cremenes/Riano</span></p>
<p><span style="color: #000000;"><strong>7.Woche: Mai/Juni<br />
</strong></span></p>
<p><span style="color: #000000;">Kastilien/Kantabrien Gebiet 13+14: Triollo (Natural Park of Fuentes Carrionas and Fuente Cobre-Montaña Palentina) + Potes</span></p>
<p><span style="color: #000000;"><strong>8.Woche: Mai/Juni<br />
</strong></span></p>
<p><span style="color: #000000;">Kantabrien/Kastilien Gebiet 15+16: Reinosa (Saja-Besaya Natural Park) + Ona (Montes Obarenes-San Zadornil Natural Park)</span></p>
<p style="text-align: left;"><span style="color: #000000;">Zielsetzung aller Expedition ist es den lokalen Lebensraum besser kennen zu lernen. Wie leben die Menschen vor Ort, wie ist der Umgang mit den Wildtieren? Welche Wildtierarten lassen sich in welcher Häufigkeit dokumentieren? Die Zielgebiete sind mir meistens unbekannt, was den Expeditionscharakter unterstreicht. Das bedeutet, dass ich vorher selber keine Ahnung habe wie die Wege verlaufen und welche Abenteuer auf mich warten. Die Abenteuer und die physischen und mentalen Herausforderungen werden dabei nicht zu kurz kommen.</span></p>
<p style="text-align: left;"><em>Die dunkel markierten Flächen sind Wolfsregionen. In Russland gibt es natürlich auch Wölfe, ist hier aber nicht eingezeichnet b) die roten Linien markieren die schon durchwanderten Expeditionsstrecken.<a href="https://wordpress.derwegderwoelfe.de/wp-content/uploads/2019/08/Der-Weg-der-Wölfe-Expeditionsstrecken-2019.jpg"><img loading="lazy" decoding="async" class="aligncenter wp-image-2093 size-large" src="https://wordpress.derwegderwoelfe.de/wp-content/uploads/2019/08/Der-Weg-der-Wölfe-Expeditionsstrecken-2019-1024x727.jpg" alt="" width="940" height="667" srcset="https://wordpress.derwegderwoelfe.de/wp-content/uploads/2019/08/Der-Weg-der-Wölfe-Expeditionsstrecken-2019-1024x727.jpg 1024w, https://wordpress.derwegderwoelfe.de/wp-content/uploads/2019/08/Der-Weg-der-Wölfe-Expeditionsstrecken-2019-300x213.jpg 300w, https://wordpress.derwegderwoelfe.de/wp-content/uploads/2019/08/Der-Weg-der-Wölfe-Expeditionsstrecken-2019-768x545.jpg 768w, https://wordpress.derwegderwoelfe.de/wp-content/uploads/2019/08/Der-Weg-der-Wölfe-Expeditionsstrecken-2019-422x300.jpg 422w" sizes="auto, (max-width: 940px) 100vw, 940px" /></a></em></p>

<p>Durchführung wegen Corona Pandemie auf 2022 verschoben! Änderung! Keine Teilnehmer! Teil 1 Expedition: Portugal &#8211; Spanien Die gesamte Expeditionsstrecke von Portugal bis nach Deutschland teile ich wegen der Länge und den vielen unterschiedlichen Regionen in mehrere Abschnitte auf. Wegen der &hellip; <a class="more-link" href="https://wordpress.derwegderwoelfe.de/?page_id=1239">Weiterlesen <span class="meta-nav">&rarr;</span></a></p>
