{"id":1305,"date":"2016-06-25T19:12:57","date_gmt":"2016-06-25T18:12:57","guid":{"rendered":"http:\/\/wordpress.derwegderwoelfe.de\/?page_id=1305"},"modified":"2016-06-26T06:36:18","modified_gmt":"2016-06-26T05:36:18","slug":"wolfsreviere-brasov-aus-telemetriearbeit","status":"publish","type":"page","link":"https:\/\/wordpress.derwegderwoelfe.de\/?page_id=1305","title":{"rendered":"Wolfsreviere aus meiner Telemetriearbeit 1996 &#8211; 2003"},"content":{"rendered":"<p>Die unten gezeigte Karte steht hier nur vor\u00fcbergehend bis ich eine bessere Karte f\u00fcr die Homepage einsetzen kann. Trotzdem kann man schon aus dieser Karte einige Informationen entnehmen.<\/p>\n<p><em><strong>Wer Fragen hat, kann mir gerne eine Mail schicken. Ich biete auf meiner Homepage keine Kommentarfuktionen an.<\/strong><\/em><\/p>\n<ul>\n<li>die blau umzirkelten Fl\u00e4chen stellen in etwa die Wolfsrevier dar, die ich von 1996-2003 in meinem Forschungsgebiet telemetrieren konnte. Es gab in dem Gebiet selbstverst\u00e4ndlich noch weitere Wolfsrudel. Fast fl\u00e4chendeckend ein Wolfsrudel neben dem n\u00e4chsten.<\/li>\n<li>Die Wolfsreviere unterscheiden sich erheblich, insbesondere in Bezug auf den Einfluss durch Menschen<\/li>\n<li>die Wolfsreviere sind etwa 150-300km\u00b2 gro\u00df. Die beiden Reviere rechts und links waren die gr\u00f6\u00dften und es gibt nur wenige und sehr kleine Siedlungen am Rand der Reviere.<a href=\"https:\/\/wordpress.derwegderwoelfe.de\/wp-content\/uploads\/2016\/06\/Kopie-von-Forschungskarte-Brasov.jpg\"><img loading=\"lazy\" decoding=\"async\" class=\"aligncenter wp-image-1297 size-full\" src=\"https:\/\/wordpress.derwegderwoelfe.de\/wp-content\/uploads\/2016\/06\/Kopie-von-Forschungskarte-Brasov.jpg\" alt=\"Kopie von Forschungskarte Brasov\" width=\"660\" height=\"376\" srcset=\"https:\/\/wordpress.derwegderwoelfe.de\/wp-content\/uploads\/2016\/06\/Kopie-von-Forschungskarte-Brasov.jpg 660w, https:\/\/wordpress.derwegderwoelfe.de\/wp-content\/uploads\/2016\/06\/Kopie-von-Forschungskarte-Brasov-300x171.jpg 300w, https:\/\/wordpress.derwegderwoelfe.de\/wp-content\/uploads\/2016\/06\/Kopie-von-Forschungskarte-Brasov-500x285.jpg 500w\" sizes=\"auto, (max-width: 660px) 100vw, 660px\" \/><\/a><\/li>\n<li>die vier mittleren Reviere liegen auf einer touristisch stark entwickelten und von Menschen sehr vielf\u00e4ltig und intensiv genutzten Achse. Die Stadt Brasov lag mit etwa 250.000 Einwohner vollst\u00e4ndig im Wolfsrevier. Ebenso wie die mittelgro\u00dfen Siedlungen, D\u00f6rfer oder touristischen Destinationen wie Poiana Brasov und alle anderen.<\/li>\n<li>Neben den Einwohnern, muss man noch die hohe Anzahl der Touristen hinzuz\u00e4hlen, insbesondere aus der etwa 150km entfernten Millionenstadt Bukarest. Sobald sich eine Gelegenheit bietet entfliehen die Bukarester der Stadt um sich in den Bergen erholen zu k\u00f6nnen.<\/li>\n<li>Im TV bekannt geworden ist das Downtown Pack mit der W\u00f6lfin Timis. Es ist uns 1996\/97 gelungen diese W\u00f6lfin und ihr Rudel mehrfach zu filmen als sie an unterschiedlichen Stellen die Stadt Brasov durchquert hat. Diesem Rudel konnte ich etwa 2 Jahre folgen, bis der Sender defekt war. Grob gesch\u00e4tzt habe ich etwa 100 direkte Beobachtungen dieser W\u00f6lfe in der Stadt machen k\u00f6nnen.<\/li>\n<li>Nachdem ich jedoch auch noch 5 andere Wolfsrudel ins Visier nehmen konnte, musste ich feststellen, dass alle besenderten W\u00f6lfe die im Revier befindlichen Siedlungen besucht oder zumindest durchquert haben. Ohne Ausnahme. Allerdings war die H\u00e4ufigkeit sehr unterschiedlich. Einige W\u00f6lfe habe ich fast in jeder Nacht in den Siedlungen telemetrieren k\u00f6nnen. Die W\u00f6lfe der beiden \u00e4u\u00dferen Rudel rechts und links konnte ich nur sehr selten in oder in der direkten N\u00e4he der Siedlungen feststellen.<\/li>\n<li>Begegnungen zwischen Menschen und den W\u00f6lfen gab es regelm\u00e4\u00dfig. Meistens wurden die W\u00f6lfe jedoch nicht wahrgenommen. Zwischenf\u00e4lle, also Angriffe der W\u00f6lfe auf Menschen gab es keine. Trotz der Begegnungen zwischen Wolf und Mensch ist es aus statistischer Sicht sehr selten, dass der einzelne Bewohner oder Wanderer einen Wolf wirklich sieht.<\/li>\n<li>Alle W\u00f6lfe haben die Menschen, insbesondere die Nutztiere und die Gewohnheiten der Nutztierhalter beobachtet. Sie haben bewusst versucht herauszufinden wer seine Schafe oder Ziegen gut sch\u00fctzt und wer nicht. Gut umgesetzte traditionelle Schutzma\u00dfnahmen reduzierten die Konflikte mit den W\u00f6lfen fast auf null. Ohne Einsatz von Elektroz\u00e4unen.<\/li>\n<li>Man kann auf der Karte auch erkennen, dass die Revier sich an mehreren Stellen mit den Nachbarrevieren \u00fcberschneiden. Dazu m\u00f6chte ich erkl\u00e4ren: Es handelt sich nicht um feste und starre Grenzen; im Verlauf meiner Arbeitszeit gab es nat\u00fcrlich Ver\u00e4nderungen bei den Rudel selbst; in wenigstens einem Fall konnte ich feststellen, dass sich zwei benachbarte Rudel getroffen haben und mir beim Heulversuch gemeinsam geantwortet haben. In einem anderen Fall war festzustellen, dass es ganz offensichtlich zu k\u00f6rperlichen Auseinandersetzungen zwischen einem &#8222;Altrudel&#8220; und einem jungen Wolfsp\u00e4rchen gab.<\/li>\n<\/ul>\n<p>&nbsp;<\/p>\n","protected":false},"excerpt":{"rendered":"<p>Die unten gezeigte Karte steht hier nur vor\u00fcbergehend bis ich eine bessere Karte f\u00fcr die Homepage einsetzen kann. Trotzdem kann man schon aus dieser Karte einige Informationen entnehmen. Wer Fragen hat, kann mir gerne eine Mail schicken. Ich biete auf &hellip; <a class=\"more-link\" href=\"https:\/\/wordpress.derwegderwoelfe.de\/?page_id=1305\">Weiterlesen <span class=\"meta-nav\">&rarr;<\/span><\/a><\/p>\n","protected":false},"author":1,"featured_media":0,"parent":0,"menu_order":0,"comment_status":"closed","ping_status":"closed","template":"","meta":{"footnotes":""},"class_list":["post-1305","page","type-page","status-publish","hentry"],"_links":{"self":[{"href":"https:\/\/wordpress.derwegderwoelfe.de\/index.php?rest_route=\/wp\/v2\/pages\/1305","targetHints":{"allow":["GET"]}}],"collection":[{"href":"https:\/\/wordpress.derwegderwoelfe.de\/index.php?rest_route=\/wp\/v2\/pages"}],"about":[{"href":"https:\/\/wordpress.derwegderwoelfe.de\/index.php?rest_route=\/wp\/v2\/types\/page"}],"author":[{"embeddable":true,"href":"https:\/\/wordpress.derwegderwoelfe.de\/index.php?rest_route=\/wp\/v2\/users\/1"}],"replies":[{"embeddable":true,"href":"https:\/\/wordpress.derwegderwoelfe.de\/index.php?rest_route=%2Fwp%2Fv2%2Fcomments&post=1305"}],"version-history":[{"count":7,"href":"https:\/\/wordpress.derwegderwoelfe.de\/index.php?rest_route=\/wp\/v2\/pages\/1305\/revisions"}],"predecessor-version":[{"id":1314,"href":"https:\/\/wordpress.derwegderwoelfe.de\/index.php?rest_route=\/wp\/v2\/pages\/1305\/revisions\/1314"}],"wp:attachment":[{"href":"https:\/\/wordpress.derwegderwoelfe.de\/index.php?rest_route=%2Fwp%2Fv2%2Fmedia&parent=1305"}],"curies":[{"name":"wp","href":"https:\/\/api.w.org\/{rel}","templated":true}]}}