{"id":1321,"date":"2016-06-26T07:35:23","date_gmt":"2016-06-26T06:35:23","guid":{"rendered":"http:\/\/wordpress.derwegderwoelfe.de\/?page_id=1321"},"modified":"2016-09-17T10:48:50","modified_gmt":"2016-09-17T09:48:50","slug":"woelfe-in-kulturlandschaften","status":"publish","type":"page","link":"https:\/\/wordpress.derwegderwoelfe.de\/?page_id=1321","title":{"rendered":"W\u00f6lfe in Kulturlandschaften"},"content":{"rendered":"<p>In Europa leben W\u00f6lfe oft in Landschaften die von Menschen gepr\u00e4gt sind und permanent unseren W\u00fcnschen entsprechend gestaltet werden. Also in Kulturlandschaften. Es gibt zwar auch noch ein paar wenige Flecken echter Wildnisgebiete oder zumindest Gebiete die kaum von Menschen ver\u00e4ndert worden sind. Diese sind aber f\u00fcr meine Arbeit relativ irrelevant und f\u00fcr Wolfsrudel oder gar einer stabilen Wolfspopulation viel zu klein.<\/p>\n<p><a href=\"https:\/\/wordpress.derwegderwoelfe.de\/wp-content\/uploads\/2016\/06\/Wolf-1970-1.jpg\"><img loading=\"lazy\" decoding=\"async\" class=\"size-medium wp-image-1337 alignleft\" src=\"https:\/\/wordpress.derwegderwoelfe.de\/wp-content\/uploads\/2016\/06\/Wolf-1970-1-300x213.jpg\" alt=\"Wolf 1970\" width=\"300\" height=\"213\" srcset=\"https:\/\/wordpress.derwegderwoelfe.de\/wp-content\/uploads\/2016\/06\/Wolf-1970-1-300x213.jpg 300w, https:\/\/wordpress.derwegderwoelfe.de\/wp-content\/uploads\/2016\/06\/Wolf-1970-1-423x300.jpg 423w, https:\/\/wordpress.derwegderwoelfe.de\/wp-content\/uploads\/2016\/06\/Wolf-1970-1.jpg 650w\" sizes=\"auto, (max-width: 300px) 100vw, 300px\" \/><\/a><em><a href=\"https:\/\/wordpress.derwegderwoelfe.de\/wp-content\/uploads\/2016\/06\/Wolf-aktuelle-Ausbreitung-1.jpg\"><img loading=\"lazy\" decoding=\"async\" class=\"size-medium wp-image-1338 alignleft\" src=\"https:\/\/wordpress.derwegderwoelfe.de\/wp-content\/uploads\/2016\/06\/Wolf-aktuelle-Ausbreitung-1-300x213.jpg\" alt=\"Wolf aktuelle Ausbreitung\" width=\"300\" height=\"213\" srcset=\"https:\/\/wordpress.derwegderwoelfe.de\/wp-content\/uploads\/2016\/06\/Wolf-aktuelle-Ausbreitung-1-300x213.jpg 300w, https:\/\/wordpress.derwegderwoelfe.de\/wp-content\/uploads\/2016\/06\/Wolf-aktuelle-Ausbreitung-1-422x300.jpg 422w, https:\/\/wordpress.derwegderwoelfe.de\/wp-content\/uploads\/2016\/06\/Wolf-aktuelle-Ausbreitung-1.jpg 650w\" sizes=\"auto, (max-width: 300px) 100vw, 300px\" \/><\/a>Die beiden Karten zeigen die Entwicklung der Wolfspopulation in Europa von 1970 zu heute:<\/em><\/p>\n<p>Somit stellen sich f\u00fcr mich folgende zwei Hauptfragen:<\/p>\n<ol>\n<li><strong>Wie gut kommen W\u00f6lfe mit Kulturlandschaften zurecht, die vielf\u00e4ltig und intensiv von uns Menschen genutzt werden?<\/strong><\/li>\n<li><strong>Wie gut kommen wir Menschen in Europa mit W\u00f6lfen zurecht in den von uns geschaffenen Kulturlandschaften?<\/strong><\/li>\n<\/ol>\n<p>Diese beiden Hauptfragestellungen implizieren dann mehrere zus\u00e4tzliche Fragen. Ich m\u00f6chte hier einige Aspekte nennen, die ich hier sicherlich nicht alle beantworten kann.<\/p>\n<ul>\n<li>Welche Konflikte f\u00fcr Menschen wird es geben?<\/li>\n<li>Welche Konflikte f\u00fcr W\u00f6lfe wird es geben?<\/li>\n<li>Welche speziell angepasste Verhaltensweisen werden W\u00f6lfe entwickeln?<\/li>\n<li>Welche Rolle spielen verschiedene Stressfaktoren?<\/li>\n<li>Mit welchen Infrastrukturen und menschlichen Aktivit\u00e4ten kommen W\u00f6lfe nicht mehr zurecht?<\/li>\n<li>Welche nat\u00fcrlichen und nicht nat\u00fcrliche Mortalit\u00e4tsquellen gibt es?<\/li>\n<li>Welche Rolle spielt die menschliche Bev\u00f6lkerungdichte f\u00fcr W\u00f6lfe?<\/li>\n<li>Wie gehen W\u00f6lfe mit den unterschiedlichen Siedlungsstrukturen um?<\/li>\n<li>Welchen Einfluss haben W\u00f6lfe auf die Beutetiere in einer Kulturlandschaft?<\/li>\n<li>Haben W\u00f6lfe einen signifikanten positiven Einfluss auf den Gesundheitszustand der Wildtierpopulationen und somit auf das Infektionsrisiko f\u00fcr Weidetiere insbesondere in der \u00f6kologischen Landwirtschaft?<\/li>\n<li>Welchen Einfluss haben W\u00f6lfe auf den Tourismus und auf den rekreativen Wert einer Wanderregion?<\/li>\n<li>Welche Schutzmassnahmen f\u00fcr Weidetiere k\u00f6nnen unter welchen Voraussetzungen von W\u00f6lfen umgangen werden?<\/li>\n<li>Was geschieht, wenn alle m\u00f6glichen Reviere von Wolfsrudeln besetzt sind?<\/li>\n<li>Wie ist die Quantit\u00e4t und Qualit\u00e4t der Nahrungsquellen f\u00fcr W\u00f6lfe in den europ\u00e4ischen Kulturlandschaften einzustufen?<\/li>\n<\/ul>\n<p><a href=\"https:\/\/wordpress.derwegderwoelfe.de\/wp-content\/uploads\/2016\/06\/WWF_Wolf-Report-2014.pdf\"><img loading=\"lazy\" decoding=\"async\" class=\"size-medium wp-image-1274 alignleft\" src=\"https:\/\/wordpress.derwegderwoelfe.de\/wp-content\/uploads\/2013\/12\/Cover-Leitfaden-210x300.jpg\" alt=\"Cover Leitfaden\" width=\"210\" height=\"300\" srcset=\"https:\/\/wordpress.derwegderwoelfe.de\/wp-content\/uploads\/2013\/12\/Cover-Leitfaden-210x300.jpg 210w, https:\/\/wordpress.derwegderwoelfe.de\/wp-content\/uploads\/2013\/12\/Cover-Leitfaden.jpg 350w\" sizes=\"auto, (max-width: 210px) 100vw, 210px\" \/><\/a>Wie \u00fcblich bei uns Wissenschaftlern werden Anworten weitere Fragen aufwerfen.<\/p>\n<p>Viele Antworten auf oft gestellte Fragen gebe ich in dem Leitfaden &#8222;Lernen, mit dem Wolf zu leben&#8220;.<a href=\"https:\/\/wordpress.derwegderwoelfe.de\/wp-content\/uploads\/2016\/06\/WWF_Wolf-Report-2014.pdf\">WWF_Wolf-Report 2014<\/a><\/p>\n","protected":false},"excerpt":{"rendered":"<p>In Europa leben W\u00f6lfe oft in Landschaften die von Menschen gepr\u00e4gt sind und permanent unseren W\u00fcnschen entsprechend gestaltet werden. Also in Kulturlandschaften. Es gibt zwar auch noch ein paar wenige Flecken echter Wildnisgebiete oder zumindest Gebiete die kaum von Menschen &hellip; <a class=\"more-link\" href=\"https:\/\/wordpress.derwegderwoelfe.de\/?page_id=1321\">Weiterlesen <span class=\"meta-nav\">&rarr;<\/span><\/a><\/p>\n","protected":false},"author":1,"featured_media":0,"parent":0,"menu_order":0,"comment_status":"closed","ping_status":"closed","template":"","meta":{"footnotes":""},"class_list":["post-1321","page","type-page","status-publish","hentry"],"_links":{"self":[{"href":"https:\/\/wordpress.derwegderwoelfe.de\/index.php?rest_route=\/wp\/v2\/pages\/1321","targetHints":{"allow":["GET"]}}],"collection":[{"href":"https:\/\/wordpress.derwegderwoelfe.de\/index.php?rest_route=\/wp\/v2\/pages"}],"about":[{"href":"https:\/\/wordpress.derwegderwoelfe.de\/index.php?rest_route=\/wp\/v2\/types\/page"}],"author":[{"embeddable":true,"href":"https:\/\/wordpress.derwegderwoelfe.de\/index.php?rest_route=\/wp\/v2\/users\/1"}],"replies":[{"embeddable":true,"href":"https:\/\/wordpress.derwegderwoelfe.de\/index.php?rest_route=%2Fwp%2Fv2%2Fcomments&post=1321"}],"version-history":[{"count":14,"href":"https:\/\/wordpress.derwegderwoelfe.de\/index.php?rest_route=\/wp\/v2\/pages\/1321\/revisions"}],"predecessor-version":[{"id":1453,"href":"https:\/\/wordpress.derwegderwoelfe.de\/index.php?rest_route=\/wp\/v2\/pages\/1321\/revisions\/1453"}],"wp:attachment":[{"href":"https:\/\/wordpress.derwegderwoelfe.de\/index.php?rest_route=%2Fwp%2Fv2%2Fmedia&parent=1321"}],"curies":[{"name":"wp","href":"https:\/\/api.w.org\/{rel}","templated":true}]}}

Wölfe in Kulturlandschaften

<p>In Europa leben Wölfe oft in Landschaften die von Menschen geprägt sind und permanent unseren Wünschen entsprechend gestaltet werden. Also in Kulturlandschaften. Es gibt zwar auch noch ein paar wenige Flecken echter Wildnisgebiete oder zumindest Gebiete die kaum von Menschen verändert worden sind. Diese sind aber für meine Arbeit relativ irrelevant und für Wolfsrudel oder gar einer stabilen Wolfspopulation viel zu klein.</p>
<p><a href="https://wordpress.derwegderwoelfe.de/wp-content/uploads/2016/06/Wolf-1970-1.jpg"><img loading="lazy" decoding="async" class="size-medium wp-image-1337 alignleft" src="https://wordpress.derwegderwoelfe.de/wp-content/uploads/2016/06/Wolf-1970-1-300x213.jpg" alt="Wolf 1970" width="300" height="213" srcset="https://wordpress.derwegderwoelfe.de/wp-content/uploads/2016/06/Wolf-1970-1-300x213.jpg 300w, https://wordpress.derwegderwoelfe.de/wp-content/uploads/2016/06/Wolf-1970-1-423x300.jpg 423w, https://wordpress.derwegderwoelfe.de/wp-content/uploads/2016/06/Wolf-1970-1.jpg 650w" sizes="auto, (max-width: 300px) 100vw, 300px" /></a><em><a href="https://wordpress.derwegderwoelfe.de/wp-content/uploads/2016/06/Wolf-aktuelle-Ausbreitung-1.jpg"><img loading="lazy" decoding="async" class="size-medium wp-image-1338 alignleft" src="https://wordpress.derwegderwoelfe.de/wp-content/uploads/2016/06/Wolf-aktuelle-Ausbreitung-1-300x213.jpg" alt="Wolf aktuelle Ausbreitung" width="300" height="213" srcset="https://wordpress.derwegderwoelfe.de/wp-content/uploads/2016/06/Wolf-aktuelle-Ausbreitung-1-300x213.jpg 300w, https://wordpress.derwegderwoelfe.de/wp-content/uploads/2016/06/Wolf-aktuelle-Ausbreitung-1-422x300.jpg 422w, https://wordpress.derwegderwoelfe.de/wp-content/uploads/2016/06/Wolf-aktuelle-Ausbreitung-1.jpg 650w" sizes="auto, (max-width: 300px) 100vw, 300px" /></a>Die beiden Karten zeigen die Entwicklung der Wolfspopulation in Europa von 1970 zu heute:</em></p>
<p>Somit stellen sich für mich folgende zwei Hauptfragen:</p>
<ol>
<li><strong>Wie gut kommen Wölfe mit Kulturlandschaften zurecht, die vielfältig und intensiv von uns Menschen genutzt werden?</strong></li>
<li><strong>Wie gut kommen wir Menschen in Europa mit Wölfen zurecht in den von uns geschaffenen Kulturlandschaften?</strong></li>
</ol>
<p>Diese beiden Hauptfragestellungen implizieren dann mehrere zusätzliche Fragen. Ich möchte hier einige Aspekte nennen, die ich hier sicherlich nicht alle beantworten kann.</p>
<ul>
<li>Welche Konflikte für Menschen wird es geben?</li>
<li>Welche Konflikte für Wölfe wird es geben?</li>
<li>Welche speziell angepasste Verhaltensweisen werden Wölfe entwickeln?</li>
<li>Welche Rolle spielen verschiedene Stressfaktoren?</li>
<li>Mit welchen Infrastrukturen und menschlichen Aktivitäten kommen Wölfe nicht mehr zurecht?</li>
<li>Welche natürlichen und nicht natürliche Mortalitätsquellen gibt es?</li>
<li>Welche Rolle spielt die menschliche Bevölkerungdichte für Wölfe?</li>
<li>Wie gehen Wölfe mit den unterschiedlichen Siedlungsstrukturen um?</li>
<li>Welchen Einfluss haben Wölfe auf die Beutetiere in einer Kulturlandschaft?</li>
<li>Haben Wölfe einen signifikanten positiven Einfluss auf den Gesundheitszustand der Wildtierpopulationen und somit auf das Infektionsrisiko für Weidetiere insbesondere in der ökologischen Landwirtschaft?</li>
<li>Welchen Einfluss haben Wölfe auf den Tourismus und auf den rekreativen Wert einer Wanderregion?</li>
<li>Welche Schutzmassnahmen für Weidetiere können unter welchen Voraussetzungen von Wölfen umgangen werden?</li>
<li>Was geschieht, wenn alle möglichen Reviere von Wolfsrudeln besetzt sind?</li>
<li>Wie ist die Quantität und Qualität der Nahrungsquellen für Wölfe in den europäischen Kulturlandschaften einzustufen?</li>
</ul>
<p><a href="https://wordpress.derwegderwoelfe.de/wp-content/uploads/2016/06/WWF_Wolf-Report-2014.pdf"><img loading="lazy" decoding="async" class="size-medium wp-image-1274 alignleft" src="https://wordpress.derwegderwoelfe.de/wp-content/uploads/2013/12/Cover-Leitfaden-210x300.jpg" alt="Cover Leitfaden" width="210" height="300" srcset="https://wordpress.derwegderwoelfe.de/wp-content/uploads/2013/12/Cover-Leitfaden-210x300.jpg 210w, https://wordpress.derwegderwoelfe.de/wp-content/uploads/2013/12/Cover-Leitfaden.jpg 350w" sizes="auto, (max-width: 210px) 100vw, 210px" /></a>Wie üblich bei uns Wissenschaftlern werden Anworten weitere Fragen aufwerfen.</p>
<p>Viele Antworten auf oft gestellte Fragen gebe ich in dem Leitfaden &#8222;Lernen, mit dem Wolf zu leben&#8220;.<a href="https://wordpress.derwegderwoelfe.de/wp-content/uploads/2016/06/WWF_Wolf-Report-2014.pdf">WWF_Wolf-Report 2014</a></p>

<p>In Europa leben Wölfe oft in Landschaften die von Menschen geprägt sind und permanent unseren Wünschen entsprechend gestaltet werden. Also in Kulturlandschaften. Es gibt zwar auch noch ein paar wenige Flecken echter Wildnisgebiete oder zumindest Gebiete die kaum von Menschen &hellip; <a class="more-link" href="https://wordpress.derwegderwoelfe.de/?page_id=1321">Weiterlesen <span class="meta-nav">&rarr;</span></a></p>
