{"id":275,"date":"2013-09-30T07:57:40","date_gmt":"2013-09-30T07:57:40","guid":{"rendered":"http:\/\/wordpress.derwegderwoelfe.de\/?page_id=275"},"modified":"2016-06-07T07:31:05","modified_gmt":"2016-06-07T06:31:05","slug":"der-weg-der-wolfe","status":"publish","type":"page","link":"https:\/\/wordpress.derwegderwoelfe.de\/?page_id=275","title":{"rendered":"Das Projekt"},"content":{"rendered":"<h1 style=\"text-align: center;\" align=\"center\"><span style=\"color: #ff9900;\">Wissen \u00f6ffnet Horizonte!<\/span><\/h1>\n<h1 align=\"center\"><a href=\"https:\/\/wordpress.derwegderwoelfe.de\/wp-content\/uploads\/2013\/08\/graphic028.jpg\"><img loading=\"lazy\" decoding=\"async\" class=\"alignleft\" src=\"https:\/\/wordpress.derwegderwoelfe.de\/wp-content\/uploads\/2013\/08\/graphic028.jpg\" alt=\"graphic028\" width=\"219\" height=\"286\" \/><\/a><\/h1>\n<p align=\"center\">Wenn wir mit Wildtieren zusammen leben wollen, m\u00fcssen wir den Lebensraum in unseren K\u00f6pfen und um uns herum schaffen. Dazu m\u00fcssen wir unseren geistigen Horizont stets erweitern!<\/p>\n<p align=\"center\">Mit diesem Projekt bem\u00fche ich mich meine langj\u00e4hrigen Erfahrungen und mein Wissen im Umgang mit Wolf, Luchs und Braunb\u00e4r anderen Menschen zug\u00e4nglich zu machen.<\/p>\n<p align=\"center\">Eines ist ganz klar, es kann nicht w\u00fcnschenswert sein, dass wir noch immer alles vertreiben, t\u00f6ten und zerst\u00f6ren was uns st\u00f6rt oder was uns \u00c4ngste bereitet.<\/p>\n<h1 align=\"center\"><span style=\"color: #993300;\">\u00dcberzeugung schafft Lebensraum!<\/span><\/h1>\n<h3 style=\"text-align: center;\"><strong>Das Projekt in K\u00fcrze<\/strong><\/h3>\n<p><strong>Die Expeditonen: <\/strong>Am 1.April 2005 bin ich in den transylvanischen Karpaten losmarschiert. \u00dcber 2000km bis nach Ostdeutschland. \u00dcber 50 Teilnehmer haben mich insgesamt in den 4 Monaten begleitet. Nun sind es 10 Jahre und aus einer Expedition wurden viele Expeditionen immer durch neue Gebeite und Regionen in Europa. Zu Fu\u00df und mit dem Rad durchquere ich aktuelle und zuk\u00fcnftige Lebensr\u00e4ume der gro\u00dfen Beutegreifer in Europa. Zielsetzung ist die Befriedigung meiner beruflichen Neugier und meiner Abenteuerlust gleicherma\u00dfen. Beruflich interessieren mich die sehr unterschiedlichen Lebensr\u00e4ume aus der Perspekive der Wildtiere und der Menschen und den vorhandenen Barrieren in der zuk\u00fcnftigen gestaltung des Miteinanders. Diese neuen Erfahrungen vergleiche ich miteinander und mit meinen Erfahrungen aus der langj\u00e4hrigen Feldforschungsarbeit mit W\u00f6lfen, Braunb\u00e4ren und Luchsen ind en Karpaten. \u00dcber das Erlebnis, das Abenteuer solcher Wanderungen und \u00dcbernachtungen im Freien muss ich wohl nicht viel sagen oder ganze B\u00fccher schreiben.<\/p>\n<p><strong>Die Bildungsarbeit:<\/strong> Die zweite wichtige Projektarbeit ist die Beratungs-, Bildungs- und \u00d6ffentlichkeitsarbeit. Dazu geh\u00f6ren Vortr\u00e4ge, Seminare, Projekte mit Kindern und Jugendlichen an Schulen oder mit verschiedenen Gruppen.<\/p>\n<p>Zur Bildungsarbeit z\u00e4hle ich auch meine Exkursionen die ich anbiete. Mit 1-4 Leuten oder ausgew\u00e4hlten fachlichen Gruppen suchen wir in bestimmten Regionen nach den Spuren und Hinweisen der W\u00f6lfe, Braunb\u00e4ren und Luchse. \u00dcber den Tag und am Abend in der Pension erz\u00e4hle ich \u00fcber meine Erfahrungen.<\/p>\n","protected":false},"excerpt":{"rendered":"<p>Wissen \u00f6ffnet Horizonte! Wenn wir mit Wildtieren zusammen leben wollen, m\u00fcssen wir den Lebensraum in unseren K\u00f6pfen und um uns herum schaffen. Dazu m\u00fcssen wir unseren geistigen Horizont stets erweitern! Mit diesem Projekt bem\u00fche ich mich meine langj\u00e4hrigen Erfahrungen und &hellip; <a class=\"more-link\" href=\"https:\/\/wordpress.derwegderwoelfe.de\/?page_id=275\">Weiterlesen <span class=\"meta-nav\">&rarr;<\/span><\/a><\/p>\n","protected":false},"author":1,"featured_media":0,"parent":0,"menu_order":0,"comment_status":"closed","ping_status":"closed","template":"","meta":{"footnotes":""},"class_list":["post-275","page","type-page","status-publish","hentry"],"_links":{"self":[{"href":"https:\/\/wordpress.derwegderwoelfe.de\/index.php?rest_route=\/wp\/v2\/pages\/275","targetHints":{"allow":["GET"]}}],"collection":[{"href":"https:\/\/wordpress.derwegderwoelfe.de\/index.php?rest_route=\/wp\/v2\/pages"}],"about":[{"href":"https:\/\/wordpress.derwegderwoelfe.de\/index.php?rest_route=\/wp\/v2\/types\/page"}],"author":[{"embeddable":true,"href":"https:\/\/wordpress.derwegderwoelfe.de\/index.php?rest_route=\/wp\/v2\/users\/1"}],"replies":[{"embeddable":true,"href":"https:\/\/wordpress.derwegderwoelfe.de\/index.php?rest_route=%2Fwp%2Fv2%2Fcomments&post=275"}],"version-history":[{"count":36,"href":"https:\/\/wordpress.derwegderwoelfe.de\/index.php?rest_route=\/wp\/v2\/pages\/275\/revisions"}],"predecessor-version":[{"id":1229,"href":"https:\/\/wordpress.derwegderwoelfe.de\/index.php?rest_route=\/wp\/v2\/pages\/275\/revisions\/1229"}],"wp:attachment":[{"href":"https:\/\/wordpress.derwegderwoelfe.de\/index.php?rest_route=%2Fwp%2Fv2%2Fmedia&parent=275"}],"curies":[{"name":"wp","href":"https:\/\/api.w.org\/{rel}","templated":true}]}}

<h1 style="text-align: center;" align="center"><span style="color: #ff9900;">Wissen öffnet Horizonte!</span></h1>
<h1 align="center"><a href="https://wordpress.derwegderwoelfe.de/wp-content/uploads/2013/08/graphic028.jpg"><img loading="lazy" decoding="async" class="alignleft" src="https://wordpress.derwegderwoelfe.de/wp-content/uploads/2013/08/graphic028.jpg" alt="graphic028" width="219" height="286" /></a></h1>
<p align="center">Wenn wir mit Wildtieren zusammen leben wollen, müssen wir den Lebensraum in unseren Köpfen und um uns herum schaffen. Dazu müssen wir unseren geistigen Horizont stets erweitern!</p>
<p align="center">Mit diesem Projekt bemühe ich mich meine langjährigen Erfahrungen und mein Wissen im Umgang mit Wolf, Luchs und Braunbär anderen Menschen zugänglich zu machen.</p>
<p align="center">Eines ist ganz klar, es kann nicht wünschenswert sein, dass wir noch immer alles vertreiben, töten und zerstören was uns stört oder was uns Ängste bereitet.</p>
<h1 align="center"><span style="color: #993300;">Überzeugung schafft Lebensraum!</span></h1>
<h3 style="text-align: center;"><strong>Das Projekt in Kürze</strong></h3>
<p><strong>Die Expeditonen: </strong>Am 1.April 2005 bin ich in den transylvanischen Karpaten losmarschiert. Über 2000km bis nach Ostdeutschland. Über 50 Teilnehmer haben mich insgesamt in den 4 Monaten begleitet. Nun sind es 10 Jahre und aus einer Expedition wurden viele Expeditionen immer durch neue Gebeite und Regionen in Europa. Zu Fuß und mit dem Rad durchquere ich aktuelle und zukünftige Lebensräume der großen Beutegreifer in Europa. Zielsetzung ist die Befriedigung meiner beruflichen Neugier und meiner Abenteuerlust gleichermaßen. Beruflich interessieren mich die sehr unterschiedlichen Lebensräume aus der Perspekive der Wildtiere und der Menschen und den vorhandenen Barrieren in der zukünftigen gestaltung des Miteinanders. Diese neuen Erfahrungen vergleiche ich miteinander und mit meinen Erfahrungen aus der langjährigen Feldforschungsarbeit mit Wölfen, Braunbären und Luchsen ind en Karpaten. Über das Erlebnis, das Abenteuer solcher Wanderungen und Übernachtungen im Freien muss ich wohl nicht viel sagen oder ganze Bücher schreiben.</p>
<p><strong>Die Bildungsarbeit:</strong> Die zweite wichtige Projektarbeit ist die Beratungs-, Bildungs- und Öffentlichkeitsarbeit. Dazu gehören Vorträge, Seminare, Projekte mit Kindern und Jugendlichen an Schulen oder mit verschiedenen Gruppen.</p>
<p>Zur Bildungsarbeit zähle ich auch meine Exkursionen die ich anbiete. Mit 1-4 Leuten oder ausgewählten fachlichen Gruppen suchen wir in bestimmten Regionen nach den Spuren und Hinweisen der Wölfe, Braunbären und Luchse. Über den Tag und am Abend in der Pension erzähle ich über meine Erfahrungen.</p>

<p>Wissen öffnet Horizonte! Wenn wir mit Wildtieren zusammen leben wollen, müssen wir den Lebensraum in unseren Köpfen und um uns herum schaffen. Dazu müssen wir unseren geistigen Horizont stets erweitern! Mit diesem Projekt bemühe ich mich meine langjährigen Erfahrungen und &hellip; <a class="more-link" href="https://wordpress.derwegderwoelfe.de/?page_id=275">Weiterlesen <span class="meta-nav">&rarr;</span></a></p>
