{"id":283,"date":"2013-12-06T10:00:28","date_gmt":"2013-12-06T10:00:28","guid":{"rendered":"http:\/\/wordpress.derwegderwoelfe.de\/?page_id=283"},"modified":"2023-02-06T11:50:32","modified_gmt":"2023-02-06T10:50:32","slug":"bibliothek","status":"publish","type":"page","link":"https:\/\/wordpress.derwegderwoelfe.de\/?page_id=283","title":{"rendered":"Bibliothek"},"content":{"rendered":"\n<p>In der Bibiliothek stehen eigene Berichte zu den Expeditionen, wichtige Informationen aus meiner Forschungsarbeit seit 1996, Informationen zu verschiedenen Wildtieren und zum modernen Wildtiermanagement. Ausserdem gibt es PDF Datein zum download oder Links zu anderen interessanten Informationen.<\/p>\n\n\n\n<ul class=\"wp-block-list\">\n<li>Literatur zum Download\n<ol class=\"wp-block-list\">\n<li><a rel=\"noopener\" href=\"http:\/\/www.wwf.de\/fileadmin\/fm-wwf\/Publikationen-PDF\/WWF_Wolf-Report.pdf\" target=\"_blank\">Lernen mit dem Wolf zu leben<\/a> (Autoren: Peter S\u00fcrth, Christine Miller, Janosch Arnold)<\/li>\n\n\n\n<li><a href=\"https:\/\/www.bayern-wild.de\/gut-zu-wissen\/infomaterial\/infomaterial-ueber-woelfe\/\">Lehrmaterial Wolf Bayern<\/a> (Autoren: Peter S\u00fcrth, mit erg\u00e4nzungen von Stefanie Morbach, Claus Obermeier) Gregor Louisoder Umweltstiftung<\/li>\n\n\n\n<li><a href=\"https:\/\/www.bayern-wild.de\/gut-zu-wissen\/infomaterial\/infomaterial-ueber-luchse\/\">Lehrmaterial Luchs Bayern<\/a> (Autoren: Peter S\u00fcrth, mit erg\u00e4nzungen von Stefanie Morbach, Claus Obermeier) Gregor Louisoder Umweltstiftung<\/li>\n\n\n\n<li><a href=\"https:\/\/wordpress.derwegderwoelfe.de\/wp-content\/uploads\/2013\/12\/Natura-2000.pdf\">Natura 2000<\/a> (Natura 2000 Richtlinien der EU)<\/li>\n\n\n\n<li>&#8222;Wolfsattack&#8220; Ergebnisse einer Studie \u00fcber Angriffe von W\u00f6lfen auf Menschen. (nur in englisch)<\/li>\n<\/ol>\n<\/li>\n<\/ul>\n\n\n\n<ul class=\"wp-block-list\">\n<li>Intervies, Videoclips\n<ul class=\"wp-block-list\">\n<li><a href=\"https:\/\/vimeo.com\/233961796\" target=\"_blank\" rel=\"noreferrer noopener\">Interview Bayern-Wild TV zum Lehrmaterial Wolf:<\/a><\/li>\n\n\n\n<li><a href=\"https:\/\/vimeo.com\/showcase\/3221733\/video\/251648680\" target=\"_blank\" rel=\"noreferrer noopener\">Interview Bayern-Wild TV zum Lehrmaterial Luchs<\/a><\/li>\n<\/ul>\n<\/li>\n\n\n\n<li><\/li>\n<\/ul>\n\n\n\n<h3 class=\"wp-block-heading\">Filmprojekte und Dokus an denen ich mitgewirkt habe<\/h3>\n\n\n\n<ul class=\"wp-block-list\">\n<li>1996-1997 &#8222;Der Herr der W\u00f6lfe&#8220; (von Markus Zeugin) Doku \u00fcber das CLCP (Carpathian Large Carnivore Project), der Wolfsforschung und den beiden Wolfswelpen die wir im Projekt aufgezogen haben<\/li>\n\n\n\n<li>1996 BBC\/Discovery Channel &#8222;Natural World&#8220; Doku \u00fcber W\u00f6lfe weltweit. Stellvertretend f\u00fcr Europa habe wir mit dem BBC Team das &#8222;Downtown Pack&#8220; im Sommer 1996 filmen k\u00f6nnen. <\/li>\n\n\n\n<li>1999-2000 BBC\/Discovery Channel &#8222;Natural World&#8220; Doku &#8222;Trasylvania Living With Predators&#8220;. Eine Dokumentation \u00fcber W\u00f6lfe und Braunb\u00e4ren und der Koexsistenz mit Menschen. <\/li>\n\n\n\n<li>1996-2003 diverse kleine Dokumentationen \u00fcber W\u00f6lfe \u00fcberwiegend f\u00fcr deutsche Sender <\/li>\n\n\n\n<li>2007 SZ-TV\/Vox &#8222;Brunos Br\u00fcder&#8220; Dokumentation \u00fcber Braunb\u00e4ren auch als Gegendarstellung zu den Aussagen zum Verhalten von &#8222;Bruno&#8220; dem B\u00e4ren der 2006 in \u00d6sterreich und Oberbayern unterwegs war.<\/li>\n\n\n\n<li><a href=\"https:\/\/www.cultureunplugged.com\/play\/5920\/Bear-vs-Man--The-Endless-Conflict\">2008 TRT &#8211; t\u00fcrkisches Fernsehn &#8222;Bear Vs Man \u2013 The Endless Conflict&#8220;<\/a> eine t\u00fcrkische Dokumentation \u00fcber Braunb\u00e4ren und der Koexsistenz mit den Menschen. <\/li>\n\n\n\n<li><a href=\"https:\/\/www.br.de\/mediathek\/video\/baerengeschwister-baerenaerger-03-av:5a1d5ca00ef7fd0011cb4103\">2013 BR &#8222;Paula und die wilden Tiere Teil 3 &#8222;B\u00e4ren\u00e4rger&#8220; <\/a><\/li>\n\n\n\n<li>2014 &#8222;B\u00e4rengeschwister&#8220; Angelika Sigl. Ein Film \u00fcber die Entwicklung zweier Jungb\u00e4ren. Bei dem Film durfte ich fachlich beratend mitwirken.<\/li>\n<\/ul>\n","protected":false},"excerpt":{"rendered":"<p>In der Bibiliothek stehen eigene Berichte zu den Expeditionen, wichtige Informationen aus meiner Forschungsarbeit seit 1996, Informationen zu verschiedenen Wildtieren und zum modernen Wildtiermanagement. Ausserdem gibt es PDF Datein zum download oder Links zu anderen interessanten Informationen. Literatur zum Download &hellip; <a class=\"more-link\" href=\"https:\/\/wordpress.derwegderwoelfe.de\/?page_id=283\">Weiterlesen <span class=\"meta-nav\">&rarr;<\/span><\/a><\/p>\n","protected":false},"author":1,"featured_media":0,"parent":0,"menu_order":0,"comment_status":"closed","ping_status":"closed","template":"","meta":{"footnotes":""},"class_list":["post-283","page","type-page","status-publish","hentry"],"_links":{"self":[{"href":"https:\/\/wordpress.derwegderwoelfe.de\/index.php?rest_route=\/wp\/v2\/pages\/283","targetHints":{"allow":["GET"]}}],"collection":[{"href":"https:\/\/wordpress.derwegderwoelfe.de\/index.php?rest_route=\/wp\/v2\/pages"}],"about":[{"href":"https:\/\/wordpress.derwegderwoelfe.de\/index.php?rest_route=\/wp\/v2\/types\/page"}],"author":[{"embeddable":true,"href":"https:\/\/wordpress.derwegderwoelfe.de\/index.php?rest_route=\/wp\/v2\/users\/1"}],"replies":[{"embeddable":true,"href":"https:\/\/wordpress.derwegderwoelfe.de\/index.php?rest_route=%2Fwp%2Fv2%2Fcomments&post=283"}],"version-history":[{"count":32,"href":"https:\/\/wordpress.derwegderwoelfe.de\/index.php?rest_route=\/wp\/v2\/pages\/283\/revisions"}],"predecessor-version":[{"id":3419,"href":"https:\/\/wordpress.derwegderwoelfe.de\/index.php?rest_route=\/wp\/v2\/pages\/283\/revisions\/3419"}],"wp:attachment":[{"href":"https:\/\/wordpress.derwegderwoelfe.de\/index.php?rest_route=%2Fwp%2Fv2%2Fmedia&parent=283"}],"curies":[{"name":"wp","href":"https:\/\/api.w.org\/{rel}","templated":true}]}}