{"id":58,"date":"2013-08-04T11:27:54","date_gmt":"2013-08-04T11:27:54","guid":{"rendered":"http:\/\/wordpress.derwegderwoelfe.de\/?page_id=58"},"modified":"2017-05-25T20:44:52","modified_gmt":"2017-05-25T19:44:52","slug":"sponsoren","status":"publish","type":"page","link":"https:\/\/wordpress.derwegderwoelfe.de\/?page_id=58","title":{"rendered":"Sponsoren"},"content":{"rendered":"<h1 align=\"center\"><span style=\"color: #33006e; font-family: Comic Sans MS;\">Sponsoren<\/span><\/h1>\n<h1 align=\"center\"><span style=\"font-size: small;\">Hier ist eine Liste der Sponsoren die das Projekt &#8222;Der Weg der W\u00f6lfe&#8220; unterst\u00fctzen.<\/span><\/h1>\n<table border=\"1\" width=\"750\" cellspacing=\"1\">\n<tbody>\n<tr>\n<td><a href=\"https:\/\/wordpress.derwegderwoelfe.de\/wp-content\/uploads\/2013\/12\/graphic12.jpg\"><img loading=\"lazy\" decoding=\"async\" src=\"https:\/\/wordpress.derwegderwoelfe.de\/wp-content\/uploads\/2013\/12\/graphic12-300x48.jpg\" alt=\"graphic12\" width=\"300\" height=\"48\" \/><\/a><\/td>\n<td>Wendelin Abresch hilft in der Kommunikation mit anderen Sponsoren und den Medien, und hilft mir auf unterschiedliche Art mit seinen Kontakten, Ideen und seiner Art zu motivieren.<\/td>\n<\/tr>\n<tr>\n<td><a href=\"https:\/\/wordpress.derwegderwoelfe.de\/wp-content\/uploads\/2013\/12\/Logo_designforidentity_final-1.jpg\"><img loading=\"lazy\" decoding=\"async\" src=\"https:\/\/wordpress.derwegderwoelfe.de\/wp-content\/uploads\/2013\/12\/Logo_designforidentity_final-1-300x54.jpg\" alt=\"Logo_designforidentity_final-1\" width=\"300\" height=\"54\" \/><\/a><\/td>\n<td>\u00a0Michaele Christe, Inhaberin der Werbe-und Grafikagentur hat das Logo &#8222;Der Weg der W\u00f6lfe&#8220; entwickelt und hilft mir mit Ihrer Kreativit\u00e4t f\u00fcr Poster und neuen Ideen<\/td>\n<\/tr>\n<tr>\n<td><a href=\"https:\/\/wordpress.derwegderwoelfe.de\/wp-content\/uploads\/2013\/12\/graphic011.jpg\"><img loading=\"lazy\" decoding=\"async\" src=\"https:\/\/wordpress.derwegderwoelfe.de\/wp-content\/uploads\/2013\/12\/graphic011-300x67.jpg\" alt=\"graphic011\" width=\"300\" height=\"67\" \/><\/a><\/td>\n<td>Marmot unterst\u00fctzt das Projekt &#8222;Der Weg der W\u00f6lfe&#8220; mit einer qualitative sehr hochwertigen Oudoor Kleidung, Schlafsack und Zelt.<\/td>\n<\/tr>\n<tr>\n<td><a href=\"https:\/\/wordpress.derwegderwoelfe.de\/wp-content\/uploads\/2013\/12\/Exped_Logo_horizontal-klein.jpg\"><img loading=\"lazy\" decoding=\"async\" class=\"aligncenter\" src=\"https:\/\/wordpress.derwegderwoelfe.de\/wp-content\/uploads\/2013\/12\/Exped_Logo_horizontal-klein.jpg\" alt=\"Exped_Logo_horizontal klein\" width=\"100\" height=\"100\" \/><\/a><\/td>\n<td>Exped unterst\u00fctzt das Projekt &#8222;Der Weg der W\u00f6lfe&#8220; mit Wanderst\u00f6cken, mehreren Tarps und Isomatten.<\/td>\n<\/tr>\n<tr>\n<td align=\"center\"><a href=\"https:\/\/wordpress.derwegderwoelfe.de\/wp-content\/uploads\/2013\/12\/Kopie-von-HANWAG_Logo_since1921_kl_HR.jpg\"><img loading=\"lazy\" decoding=\"async\" class=\"aligncenter\" src=\"https:\/\/wordpress.derwegderwoelfe.de\/wp-content\/uploads\/2013\/12\/Kopie-von-HANWAG_Logo_since1921_kl_HR.jpg\" alt=\"Kopie von HANWAG_Logo_since1921_kl_HR\" width=\"137\" height=\"200\" \/><\/a><\/td>\n<td>HANWAG sorgt mit dem Schuhprogramm f\u00fcr das Wohl und f\u00fcr Sicherheit meiner F\u00fc\u00dfe im rauhen Gel\u00e4nde und schwerer Belastung. Nur mit gutem Schuhwerk bin ich im Stande den Spuren und Hinweisen von Wolf und Co \u00fcberhaupt dauerhaft zu folgen.<\/td>\n<\/tr>\n<tr>\n<td><a href=\"https:\/\/wordpress.derwegderwoelfe.de\/wp-content\/uploads\/2014\/08\/Primus_Logo_RGB-e1407402192145.jpg\"><img loading=\"lazy\" decoding=\"async\" class=\"aligncenter wp-image-488 \" src=\"https:\/\/wordpress.derwegderwoelfe.de\/wp-content\/uploads\/2014\/08\/Primus_Logo_RGB-300x174.jpg\" alt=\"Primus_Logo_RGB\" width=\"231\" height=\"140\" \/><\/a><\/td>\n<td>Primus unterst\u00fctz das Projekt &#8222;Der Weg der W\u00f6lfe&#8220; mit 3 Kochern und einer Stirnlampe. Somit sorgt Primus f\u00fcr unsere warme Mahlzeit jeden Abend.<\/td>\n<\/tr>\n<tr>\n<td><a href=\"https:\/\/wordpress.derwegderwoelfe.de\/wp-content\/uploads\/2017\/05\/klein-SealSkinz-3.jpg\"><img loading=\"lazy\" decoding=\"async\" class=\"aligncenter size-medium wp-image-1606\" src=\"https:\/\/wordpress.derwegderwoelfe.de\/wp-content\/uploads\/2017\/05\/klein-SealSkinz-3-300x212.jpg\" alt=\"\" width=\"300\" height=\"212\" \/><\/a><\/td>\n<td>Sealskinz unterst\u00fctz mich seit 2017 mit wasserdichten und Atmungsaktiven Socken und wasserdichten Handschuhen mit integrierter Touchscreen-technologie. Die wasserdichten Socken h\u00f6rt sich zun\u00e4chst komisch an, funktioniert aber gut.<\/td>\n<\/tr>\n<tr>\n<td><a href=\"https:\/\/wordpress.derwegderwoelfe.de\/wp-content\/uploads\/2013\/08\/Logo-klein-Centurion-m.H_seitl.jpg\"><img loading=\"lazy\" decoding=\"async\" class=\"aligncenter\" src=\"https:\/\/wordpress.derwegderwoelfe.de\/wp-content\/uploads\/2013\/08\/Logo-klein-Centurion-m.H_seitl.jpg\" alt=\"Logo klein Centurion m.H_seitl\" width=\"200\" height=\"39\" \/><\/a><\/td>\n<td>Seit Juli 2010 unterst\u00fctzt mich Centurion auf meinen Expeditionen mit dem geeignetem Fahrrad. Bei der Expedition durch die Alpen werde ich erstmals einen Teil der Strecke mit dem Fahrrad zur\u00fccklegen. Erst mit einem vern\u00fcnftigen Bike bin ich in der Lage auch solche Distanzen pro Tag mit eigener Muskelkraft zur\u00fcckzulegen wie die W\u00f6lfe. Insbesondere W\u00f6lfe die auf Wanderschaft sind um einen Partner\/in und eine neue Heimat suchen. Au\u00dferdem hilft mir das Fahrrad zus\u00e4tzlich zu den anderen Sportarten meinen Fitnesszustand hoch zu halten. Wie f\u00fcr die Wanderungen muss ich auch f\u00fcr die Radstrecken trainieren.<\/td>\n<\/tr>\n<tr>\n<td><\/td>\n<td><\/td>\n<\/tr>\n<\/tbody>\n<\/table>\n<div>\n<p>&nbsp;<\/p>\n<\/div>\n","protected":false},"excerpt":{"rendered":"<p>Sponsoren Hier ist eine Liste der Sponsoren die das Projekt &#8222;Der Weg der W\u00f6lfe&#8220; unterst\u00fctzen. Wendelin Abresch hilft in der Kommunikation mit anderen Sponsoren und den Medien, und hilft mir auf unterschiedliche Art mit seinen Kontakten, Ideen und seiner Art &hellip; <a class=\"more-link\" href=\"https:\/\/wordpress.derwegderwoelfe.de\/?page_id=58\">Weiterlesen <span class=\"meta-nav\">&rarr;<\/span><\/a><\/p>\n","protected":false},"author":1,"featured_media":0,"parent":0,"menu_order":0,"comment_status":"closed","ping_status":"closed","template":"","meta":{"footnotes":""},"class_list":["post-58","page","type-page","status-publish","hentry"],"_links":{"self":[{"href":"https:\/\/wordpress.derwegderwoelfe.de\/index.php?rest_route=\/wp\/v2\/pages\/58","targetHints":{"allow":["GET"]}}],"collection":[{"href":"https:\/\/wordpress.derwegderwoelfe.de\/index.php?rest_route=\/wp\/v2\/pages"}],"about":[{"href":"https:\/\/wordpress.derwegderwoelfe.de\/index.php?rest_route=\/wp\/v2\/types\/page"}],"author":[{"embeddable":true,"href":"https:\/\/wordpress.derwegderwoelfe.de\/index.php?rest_route=\/wp\/v2\/users\/1"}],"replies":[{"embeddable":true,"href":"https:\/\/wordpress.derwegderwoelfe.de\/index.php?rest_route=%2Fwp%2Fv2%2Fcomments&post=58"}],"version-history":[{"count":16,"href":"https:\/\/wordpress.derwegderwoelfe.de\/index.php?rest_route=\/wp\/v2\/pages\/58\/revisions"}],"predecessor-version":[{"id":1607,"href":"https:\/\/wordpress.derwegderwoelfe.de\/index.php?rest_route=\/wp\/v2\/pages\/58\/revisions\/1607"}],"wp:attachment":[{"href":"https:\/\/wordpress.derwegderwoelfe.de\/index.php?rest_route=%2Fwp%2Fv2%2Fmedia&parent=58"}],"curies":[{"name":"wp","href":"https:\/\/api.w.org\/{rel}","templated":true}]}}

<h1 align="center"><span style="color: #33006e; font-family: Comic Sans MS;">Sponsoren</span></h1>
<h1 align="center"><span style="font-size: small;">Hier ist eine Liste der Sponsoren die das Projekt &#8222;Der Weg der Wölfe&#8220; unterstützen.</span></h1>
<table border="1" width="750" cellspacing="1">
<tbody>
<tr>
<td><a href="https://wordpress.derwegderwoelfe.de/wp-content/uploads/2013/12/graphic12.jpg"><img loading="lazy" decoding="async" src="https://wordpress.derwegderwoelfe.de/wp-content/uploads/2013/12/graphic12-300x48.jpg" alt="graphic12" width="300" height="48" /></a></td>
<td>Wendelin Abresch hilft in der Kommunikation mit anderen Sponsoren und den Medien, und hilft mir auf unterschiedliche Art mit seinen Kontakten, Ideen und seiner Art zu motivieren.</td>
</tr>
<tr>
<td><a href="https://wordpress.derwegderwoelfe.de/wp-content/uploads/2013/12/Logo_designforidentity_final-1.jpg"><img loading="lazy" decoding="async" src="https://wordpress.derwegderwoelfe.de/wp-content/uploads/2013/12/Logo_designforidentity_final-1-300x54.jpg" alt="Logo_designforidentity_final-1" width="300" height="54" /></a></td>
<td> Michaele Christe, Inhaberin der Werbe-und Grafikagentur hat das Logo &#8222;Der Weg der Wölfe&#8220; entwickelt und hilft mir mit Ihrer Kreativität für Poster und neuen Ideen</td>
</tr>
<tr>
<td><a href="https://wordpress.derwegderwoelfe.de/wp-content/uploads/2013/12/graphic011.jpg"><img loading="lazy" decoding="async" src="https://wordpress.derwegderwoelfe.de/wp-content/uploads/2013/12/graphic011-300x67.jpg" alt="graphic011" width="300" height="67" /></a></td>
<td>Marmot unterstützt das Projekt &#8222;Der Weg der Wölfe&#8220; mit einer qualitative sehr hochwertigen Oudoor Kleidung, Schlafsack und Zelt.</td>
</tr>
<tr>
<td><a href="https://wordpress.derwegderwoelfe.de/wp-content/uploads/2013/12/Exped_Logo_horizontal-klein.jpg"><img loading="lazy" decoding="async" class="aligncenter" src="https://wordpress.derwegderwoelfe.de/wp-content/uploads/2013/12/Exped_Logo_horizontal-klein.jpg" alt="Exped_Logo_horizontal klein" width="100" height="100" /></a></td>
<td>Exped unterstützt das Projekt &#8222;Der Weg der Wölfe&#8220; mit Wanderstöcken, mehreren Tarps und Isomatten.</td>
</tr>
<tr>
<td align="center"><a href="https://wordpress.derwegderwoelfe.de/wp-content/uploads/2013/12/Kopie-von-HANWAG_Logo_since1921_kl_HR.jpg"><img loading="lazy" decoding="async" class="aligncenter" src="https://wordpress.derwegderwoelfe.de/wp-content/uploads/2013/12/Kopie-von-HANWAG_Logo_since1921_kl_HR.jpg" alt="Kopie von HANWAG_Logo_since1921_kl_HR" width="137" height="200" /></a></td>
<td>HANWAG sorgt mit dem Schuhprogramm für das Wohl und für Sicherheit meiner Füße im rauhen Gelände und schwerer Belastung. Nur mit gutem Schuhwerk bin ich im Stande den Spuren und Hinweisen von Wolf und Co überhaupt dauerhaft zu folgen.</td>
</tr>
<tr>
<td><a href="https://wordpress.derwegderwoelfe.de/wp-content/uploads/2014/08/Primus_Logo_RGB-e1407402192145.jpg"><img loading="lazy" decoding="async" class="aligncenter wp-image-488 " src="https://wordpress.derwegderwoelfe.de/wp-content/uploads/2014/08/Primus_Logo_RGB-300x174.jpg" alt="Primus_Logo_RGB" width="231" height="140" /></a></td>
<td>Primus unterstütz das Projekt &#8222;Der Weg der Wölfe&#8220; mit 3 Kochern und einer Stirnlampe. Somit sorgt Primus für unsere warme Mahlzeit jeden Abend.</td>
</tr>
<tr>
<td><a href="https://wordpress.derwegderwoelfe.de/wp-content/uploads/2017/05/klein-SealSkinz-3.jpg"><img loading="lazy" decoding="async" class="aligncenter size-medium wp-image-1606" src="https://wordpress.derwegderwoelfe.de/wp-content/uploads/2017/05/klein-SealSkinz-3-300x212.jpg" alt="" width="300" height="212" /></a></td>
<td>Sealskinz unterstütz mich seit 2017 mit wasserdichten und Atmungsaktiven Socken und wasserdichten Handschuhen mit integrierter Touchscreen-technologie. Die wasserdichten Socken hört sich zunächst komisch an, funktioniert aber gut.</td>
</tr>
<tr>
<td><a href="https://wordpress.derwegderwoelfe.de/wp-content/uploads/2013/08/Logo-klein-Centurion-m.H_seitl.jpg"><img loading="lazy" decoding="async" class="aligncenter" src="https://wordpress.derwegderwoelfe.de/wp-content/uploads/2013/08/Logo-klein-Centurion-m.H_seitl.jpg" alt="Logo klein Centurion m.H_seitl" width="200" height="39" /></a></td>
<td>Seit Juli 2010 unterstützt mich Centurion auf meinen Expeditionen mit dem geeignetem Fahrrad. Bei der Expedition durch die Alpen werde ich erstmals einen Teil der Strecke mit dem Fahrrad zurücklegen. Erst mit einem vernünftigen Bike bin ich in der Lage auch solche Distanzen pro Tag mit eigener Muskelkraft zurückzulegen wie die Wölfe. Insbesondere Wölfe die auf Wanderschaft sind um einen Partner/in und eine neue Heimat suchen. Außerdem hilft mir das Fahrrad zusätzlich zu den anderen Sportarten meinen Fitnesszustand hoch zu halten. Wie für die Wanderungen muss ich auch für die Radstrecken trainieren.</td>
</tr>
<tr>
<td></td>
<td></td>
</tr>
</tbody>
</table>
<div>
<p>&nbsp;</p>
</div>

<p>Sponsoren Hier ist eine Liste der Sponsoren die das Projekt &#8222;Der Weg der Wölfe&#8220; unterstützen. Wendelin Abresch hilft in der Kommunikation mit anderen Sponsoren und den Medien, und hilft mir auf unterschiedliche Art mit seinen Kontakten, Ideen und seiner Art &hellip; <a class="more-link" href="https://wordpress.derwegderwoelfe.de/?page_id=58">Weiterlesen <span class="meta-nav">&rarr;</span></a></p>
