{"id":61,"date":"2013-08-04T13:53:59","date_gmt":"2013-08-04T13:53:59","guid":{"rendered":"http:\/\/wordpress.derwegderwoelfe.de\/?page_id=61"},"modified":"2023-01-26T11:41:29","modified_gmt":"2023-01-26T10:41:29","slug":"bildung","status":"publish","type":"page","link":"https:\/\/wordpress.derwegderwoelfe.de\/?page_id=61","title":{"rendered":"Bildung"},"content":{"rendered":"\n<p>Meine Projekte zur Bildungsarbeit sind vielf\u00e4ltig und breit gef\u00e4chert. Seit fast 20 Jahren besuche ich Schulen und Vorschulkinderg\u00e4rten und bin Kursleiter bei der Hector-Kinderakademie in Baden-W\u00fcrttemberg. Ich kann mit allen Schultypen, allen Klassenstufen im gesamten deutschen Sprachraum arbeiten. Je nach M\u00f6glichkeit komme ich pers\u00f6nlich an die Schule oder schalte mich live-online ins Klassenzimmer. In aller Regel ben\u00f6tige ich pro Klasse\/Gruppe zwei Schulstunden. Eine l\u00e4ngerfristige Projektbegleitung ist nach Absprache ebenfalls m\u00f6glich.<\/p>\n\n\n\n<h4 class=\"wp-block-heading\"><strong>Themen f\u00fcr Schulen (online und pr\u00e4senz):<\/strong> <\/h4>\n\n\n\n<figure class=\"wp-block-video\"><video height=\"1080\" style=\"aspect-ratio: 1920 \/ 1080;\" width=\"1920\" controls src=\"https:\/\/wordpress.derwegderwoelfe.de\/wp-content\/uploads\/2023\/01\/Schulprojekte-klein-23.mp4\"><\/video><\/figure>\n\n\n\n<div class=\"wp-block-columns is-layout-flex wp-container-core-columns-is-layout-9d6595d7 wp-block-columns-is-layout-flex\">\n<div class=\"wp-block-column is-layout-flow wp-block-column-is-layout-flow\" style=\"flex-basis:100%\">\n<ul class=\"wp-block-list\">\n<li>leben mit Wolf, Luchs und Braunb\u00e4r, Verhaltensbiologie, Konfliktfelder<\/li>\n\n\n\n<li>\u00f6kologische Netzwerke, Artenvielfalt und Bedeutung der genetischen Vielfalt<\/li>\n\n\n\n<li>Mensch \u2013 Wildtier \u2013 Management<\/li>\n\n\n\n<li>Abenteuer Naturforschung<\/li>\n<\/ul>\n<\/div>\n<\/div>\n\n\n<div class=\"wp-block-image\">\n<figure class=\"aligncenter\"><img loading=\"lazy\" decoding=\"async\" width=\"650\" height=\"246\" src=\"https:\/\/wordpress.derwegderwoelfe.de\/wp-content\/uploads\/2016\/06\/IMG_0163-2.jpg\" alt=\"IMG_0163\" class=\"wp-image-1207\" srcset=\"https:\/\/wordpress.derwegderwoelfe.de\/wp-content\/uploads\/2016\/06\/IMG_0163-2.jpg 650w, https:\/\/wordpress.derwegderwoelfe.de\/wp-content\/uploads\/2016\/06\/IMG_0163-2-300x114.jpg 300w, https:\/\/wordpress.derwegderwoelfe.de\/wp-content\/uploads\/2016\/06\/IMG_0163-2-500x189.jpg 500w\" sizes=\"auto, (max-width: 650px) 100vw, 650px\" \/><\/figure>\n<\/div>\n\n\n<h4 class=\"has-text-align-left wp-block-heading\"><strong>Sonstige Bildungseinrichtungen Vortr\u00e4ge, Seminare\/Webinare und F\u00fchrungen (online und pr\u00e4senz): <\/strong><\/h4>\n\n\n\n<div class=\"wp-block-group\"><div class=\"wp-block-group__inner-container is-layout-constrained wp-block-group-is-layout-constrained\">\n<div class=\"wp-block-group is-vertical is-layout-flex wp-container-core-group-is-layout-8cf370e7 wp-block-group-is-layout-flex\">\n<ul class=\"wp-block-list\">\n<li>Gro\u00dfe Beutegreifern: W\u00f6lfe, Luchse und Braunb\u00e4ren<\/li>\n\n\n\n<li>Mensch-Wildtier-Management<\/li>\n\n\n\n<li>Komplexibilit\u00e4t \u00f6kologische Systeme\/Netzwerk<\/li>\n\n\n\n<li>Natur kennt keine Grenzen<\/li>\n\n\n\n<li>interaktive virtuelle Exkursionen <\/li>\n\n\n\n<li>lokale thematische F\u00fchrungen<\/li>\n\n\n\n<li>Erlebnisvortr\u00e4ge zu meinen Expeditionen<\/li>\n<\/ul>\n<\/div>\n<\/div><\/div>\n\n\n\n<h3 class=\"wp-block-heading\">Film und TV<a href=\"https:\/\/wordpress.derwegderwoelfe.de\/wp-content\/uploads\/2013\/08\/Filmarbeit.jpg\"><img loading=\"lazy\" decoding=\"async\" class=\"aligncenter wp-image-1361 size-full\" src=\"https:\/\/wordpress.derwegderwoelfe.de\/wp-content\/uploads\/2013\/08\/Filmarbeit.jpg\" alt=\"Filmarbeit\" width=\"650\" height=\"220\" srcset=\"https:\/\/wordpress.derwegderwoelfe.de\/wp-content\/uploads\/2013\/08\/Filmarbeit.jpg 650w, https:\/\/wordpress.derwegderwoelfe.de\/wp-content\/uploads\/2013\/08\/Filmarbeit-300x102.jpg 300w, https:\/\/wordpress.derwegderwoelfe.de\/wp-content\/uploads\/2013\/08\/Filmarbeit-500x169.jpg 500w\" sizes=\"auto, (max-width: 650px) 100vw, 650px\" \/><\/a><\/h3>\n","protected":false},"excerpt":{"rendered":"<p>Meine Projekte zur Bildungsarbeit sind vielf\u00e4ltig und breit gef\u00e4chert. Seit fast 20 Jahren besuche ich Schulen und Vorschulkinderg\u00e4rten und bin Kursleiter bei der Hector-Kinderakademie in Baden-W\u00fcrttemberg. Ich kann mit allen Schultypen, allen Klassenstufen im gesamten deutschen Sprachraum arbeiten. Je nach &hellip; <a class=\"more-link\" href=\"https:\/\/wordpress.derwegderwoelfe.de\/?page_id=61\">Weiterlesen <span class=\"meta-nav\">&rarr;<\/span><\/a><\/p>\n","protected":false},"author":1,"featured_media":0,"parent":0,"menu_order":0,"comment_status":"closed","ping_status":"closed","template":"","meta":{"footnotes":""},"class_list":["post-61","page","type-page","status-publish","hentry"],"_links":{"self":[{"href":"https:\/\/wordpress.derwegderwoelfe.de\/index.php?rest_route=\/wp\/v2\/pages\/61","targetHints":{"allow":["GET"]}}],"collection":[{"href":"https:\/\/wordpress.derwegderwoelfe.de\/index.php?rest_route=\/wp\/v2\/pages"}],"about":[{"href":"https:\/\/wordpress.derwegderwoelfe.de\/index.php?rest_route=\/wp\/v2\/types\/page"}],"author":[{"embeddable":true,"href":"https:\/\/wordpress.derwegderwoelfe.de\/index.php?rest_route=\/wp\/v2\/users\/1"}],"replies":[{"embeddable":true,"href":"https:\/\/wordpress.derwegderwoelfe.de\/index.php?rest_route=%2Fwp%2Fv2%2Fcomments&post=61"}],"version-history":[{"count":83,"href":"https:\/\/wordpress.derwegderwoelfe.de\/index.php?rest_route=\/wp\/v2\/pages\/61\/revisions"}],"predecessor-version":[{"id":3330,"href":"https:\/\/wordpress.derwegderwoelfe.de\/index.php?rest_route=\/wp\/v2\/pages\/61\/revisions\/3330"}],"wp:attachment":[{"href":"https:\/\/wordpress.derwegderwoelfe.de\/index.php?rest_route=%2Fwp%2Fv2%2Fmedia&parent=61"}],"curies":[{"name":"wp","href":"https:\/\/api.w.org\/{rel}","templated":true}]}}

<p>Meine Projekte zur Bildungsarbeit sind vielfältig und breit gefächert. Seit fast 20 Jahren besuche ich Schulen und Vorschulkindergärten und bin Kursleiter bei der Hector-Kinderakademie in Baden-Württemberg. Ich kann mit allen Schultypen, allen Klassenstufen im gesamten deutschen Sprachraum arbeiten. Je nach Möglichkeit komme ich persönlich an die Schule oder schalte mich live-online ins Klassenzimmer. In aller Regel benötige ich pro Klasse/Gruppe zwei Schulstunden. Eine längerfristige Projektbegleitung ist nach Absprache ebenfalls möglich.</p>



<h4 class="wp-block-heading"><strong>Themen für Schulen (online und präsenz):</strong> </h4>



<figure class="wp-block-video"><video height="1080" style="aspect-ratio: 1920 / 1080;" width="1920" controls src="https://wordpress.derwegderwoelfe.de/wp-content/uploads/2023/01/Schulprojekte-klein-23.mp4"></video></figure>



<div class="wp-block-columns is-layout-flex wp-container-core-columns-is-layout-9d6595d7 wp-block-columns-is-layout-flex">
<div class="wp-block-column is-layout-flow wp-block-column-is-layout-flow" style="flex-basis:100%">
<ul class="wp-block-list">
<li>leben mit Wolf, Luchs und Braunbär, Verhaltensbiologie, Konfliktfelder</li>



<li>ökologische Netzwerke, Artenvielfalt und Bedeutung der genetischen Vielfalt</li>



<li>Mensch – Wildtier – Management</li>



<li>Abenteuer Naturforschung</li>
</ul>
</div>
</div>


<div class="wp-block-image">
<figure class="aligncenter"><img loading="lazy" decoding="async" width="650" height="246" src="https://wordpress.derwegderwoelfe.de/wp-content/uploads/2016/06/IMG_0163-2.jpg" alt="IMG_0163" class="wp-image-1207" srcset="https://wordpress.derwegderwoelfe.de/wp-content/uploads/2016/06/IMG_0163-2.jpg 650w, https://wordpress.derwegderwoelfe.de/wp-content/uploads/2016/06/IMG_0163-2-300x114.jpg 300w, https://wordpress.derwegderwoelfe.de/wp-content/uploads/2016/06/IMG_0163-2-500x189.jpg 500w" sizes="auto, (max-width: 650px) 100vw, 650px" /></figure>
</div>


<h4 class="has-text-align-left wp-block-heading"><strong>Sonstige Bildungseinrichtungen Vorträge, Seminare/Webinare und Führungen (online und präsenz): </strong></h4>



<div class="wp-block-group"><div class="wp-block-group__inner-container is-layout-constrained wp-block-group-is-layout-constrained">
<div class="wp-block-group is-vertical is-layout-flex wp-container-core-group-is-layout-8cf370e7 wp-block-group-is-layout-flex">
<ul class="wp-block-list">
<li>Große Beutegreifern: Wölfe, Luchse und Braunbären</li>



<li>Mensch-Wildtier-Management</li>



<li>Komplexibilität ökologische Systeme/Netzwerk</li>



<li>Natur kennt keine Grenzen</li>



<li>interaktive virtuelle Exkursionen </li>



<li>lokale thematische Führungen</li>



<li>Erlebnisvorträge zu meinen Expeditionen</li>
</ul>
</div>
</div></div>



<h3 class="wp-block-heading">Film und TV<a href="https://wordpress.derwegderwoelfe.de/wp-content/uploads/2013/08/Filmarbeit.jpg"><img loading="lazy" decoding="async" class="aligncenter wp-image-1361 size-full" src="https://wordpress.derwegderwoelfe.de/wp-content/uploads/2013/08/Filmarbeit.jpg" alt="Filmarbeit" width="650" height="220" srcset="https://wordpress.derwegderwoelfe.de/wp-content/uploads/2013/08/Filmarbeit.jpg 650w, https://wordpress.derwegderwoelfe.de/wp-content/uploads/2013/08/Filmarbeit-300x102.jpg 300w, https://wordpress.derwegderwoelfe.de/wp-content/uploads/2013/08/Filmarbeit-500x169.jpg 500w" sizes="auto, (max-width: 650px) 100vw, 650px" /></a></h3>

<p>Meine Projekte zur Bildungsarbeit sind vielfältig und breit gefächert. Seit fast 20 Jahren besuche ich Schulen und Vorschulkindergärten und bin Kursleiter bei der Hector-Kinderakademie in Baden-Württemberg. Ich kann mit allen Schultypen, allen Klassenstufen im gesamten deutschen Sprachraum arbeiten. Je nach &hellip; <a class="more-link" href="https://wordpress.derwegderwoelfe.de/?page_id=61">Weiterlesen <span class="meta-nav">&rarr;</span></a></p>
