{"id":845,"date":"2015-06-06T08:19:48","date_gmt":"2015-06-06T07:19:48","guid":{"rendered":"http:\/\/wordpress.derwegderwoelfe.de\/?page_id=845"},"modified":"2020-04-01T14:14:28","modified_gmt":"2020-04-01T13:14:28","slug":"expeditionstagebuch-2005","status":"publish","type":"page","link":"https:\/\/wordpress.derwegderwoelfe.de\/?page_id=845","title":{"rendered":"Expeditionstagebuch 2005"},"content":{"rendered":"<p>Hier folgt das erste Tagebuch der Expeditionen. Ich hatte es mit einem v\u00f6llig anderen Programm geschrieben und es sind serh viele Seiten. Deswegen werde ich es als PDF Datei gestalten und es f\u00fcr die durchwanderten L\u00e4nder, Rum\u00e4nien, Ukaine, Slowakei, Polen mit dem Ende in Deutschland verfassen. <a href=\"https:\/\/wordpress.derwegderwoelfe.de\/wp-content\/uploads\/2020\/04\/Schnee-im-Juni.jpg\"><img loading=\"lazy\" decoding=\"async\" class=\"aligncenter size-full wp-image-2761\" src=\"https:\/\/wordpress.derwegderwoelfe.de\/wp-content\/uploads\/2020\/04\/Schnee-im-Juni.jpg\" alt=\"\" width=\"876\" height=\"584\" srcset=\"https:\/\/wordpress.derwegderwoelfe.de\/wp-content\/uploads\/2020\/04\/Schnee-im-Juni.jpg 876w, https:\/\/wordpress.derwegderwoelfe.de\/wp-content\/uploads\/2020\/04\/Schnee-im-Juni-300x200.jpg 300w, https:\/\/wordpress.derwegderwoelfe.de\/wp-content\/uploads\/2020\/04\/Schnee-im-Juni-768x512.jpg 768w, https:\/\/wordpress.derwegderwoelfe.de\/wp-content\/uploads\/2020\/04\/Schnee-im-Juni-450x300.jpg 450w\" sizes=\"auto, (max-width: 876px) 100vw, 876px\" \/><\/a><a href=\"https:\/\/wordpress.derwegderwoelfe.de\/wp-content\/uploads\/2020\/04\/Klaus-Fengler-Hohe_Tatra_0217.jpg\"><img loading=\"lazy\" decoding=\"async\" class=\"aligncenter size-full wp-image-2762\" src=\"https:\/\/wordpress.derwegderwoelfe.de\/wp-content\/uploads\/2020\/04\/Klaus-Fengler-Hohe_Tatra_0217.jpg\" alt=\"\" width=\"876\" height=\"584\" srcset=\"https:\/\/wordpress.derwegderwoelfe.de\/wp-content\/uploads\/2020\/04\/Klaus-Fengler-Hohe_Tatra_0217.jpg 876w, https:\/\/wordpress.derwegderwoelfe.de\/wp-content\/uploads\/2020\/04\/Klaus-Fengler-Hohe_Tatra_0217-300x200.jpg 300w, https:\/\/wordpress.derwegderwoelfe.de\/wp-content\/uploads\/2020\/04\/Klaus-Fengler-Hohe_Tatra_0217-768x512.jpg 768w, https:\/\/wordpress.derwegderwoelfe.de\/wp-content\/uploads\/2020\/04\/Klaus-Fengler-Hohe_Tatra_0217-450x300.jpg 450w\" sizes=\"auto, (max-width: 876px) 100vw, 876px\" \/><\/a> <a href=\"https:\/\/wordpress.derwegderwoelfe.de\/wp-content\/uploads\/2020\/04\/Kopie-von-Hohe_Tatra_0262.jpg\"><img loading=\"lazy\" decoding=\"async\" class=\"aligncenter size-large wp-image-2763\" src=\"https:\/\/wordpress.derwegderwoelfe.de\/wp-content\/uploads\/2020\/04\/Kopie-von-Hohe_Tatra_0262-1024x683.jpg\" alt=\"\" width=\"940\" height=\"627\" srcset=\"https:\/\/wordpress.derwegderwoelfe.de\/wp-content\/uploads\/2020\/04\/Kopie-von-Hohe_Tatra_0262-1024x683.jpg 1024w, https:\/\/wordpress.derwegderwoelfe.de\/wp-content\/uploads\/2020\/04\/Kopie-von-Hohe_Tatra_0262-300x200.jpg 300w, https:\/\/wordpress.derwegderwoelfe.de\/wp-content\/uploads\/2020\/04\/Kopie-von-Hohe_Tatra_0262-768x512.jpg 768w, https:\/\/wordpress.derwegderwoelfe.de\/wp-content\/uploads\/2020\/04\/Kopie-von-Hohe_Tatra_0262-1536x1024.jpg 1536w, https:\/\/wordpress.derwegderwoelfe.de\/wp-content\/uploads\/2020\/04\/Kopie-von-Hohe_Tatra_0262-450x300.jpg 450w, https:\/\/wordpress.derwegderwoelfe.de\/wp-content\/uploads\/2020\/04\/Kopie-von-Hohe_Tatra_0262.jpg 1752w\" sizes=\"auto, (max-width: 940px) 100vw, 940px\" \/><\/a><\/p>\n<p>Expeditionsstrecke, \u00fcber 2200km zu Fu\u00df von Rum\u00e4nien nach Sachsen. Bei Schnee, Regen und Hitze.<\/p>\n\n\n<div class=\"wp-block-image\"><figure class=\"aligncenter size-large\"><a href=\"https:\/\/wordpress.derwegderwoelfe.de\/wp-content\/uploads\/2020\/04\/Expeditionsstrecke-2005.jpg\"><img loading=\"lazy\" decoding=\"async\" width=\"1024\" height=\"802\" src=\"https:\/\/wordpress.derwegderwoelfe.de\/wp-content\/uploads\/2020\/04\/Expeditionsstrecke-2005-1024x802.jpg\" alt=\"\" class=\"wp-image-2755\" srcset=\"https:\/\/wordpress.derwegderwoelfe.de\/wp-content\/uploads\/2020\/04\/Expeditionsstrecke-2005-1024x802.jpg 1024w, https:\/\/wordpress.derwegderwoelfe.de\/wp-content\/uploads\/2020\/04\/Expeditionsstrecke-2005-300x235.jpg 300w, https:\/\/wordpress.derwegderwoelfe.de\/wp-content\/uploads\/2020\/04\/Expeditionsstrecke-2005-768x602.jpg 768w, https:\/\/wordpress.derwegderwoelfe.de\/wp-content\/uploads\/2020\/04\/Expeditionsstrecke-2005-1536x1203.jpg 1536w, https:\/\/wordpress.derwegderwoelfe.de\/wp-content\/uploads\/2020\/04\/Expeditionsstrecke-2005-383x300.jpg 383w, https:\/\/wordpress.derwegderwoelfe.de\/wp-content\/uploads\/2020\/04\/Expeditionsstrecke-2005.jpg 1977w\" sizes=\"auto, (max-width: 1024px) 100vw, 1024px\" \/><\/a><\/figure><\/div>\n","protected":false},"excerpt":{"rendered":"<p>Hier folgt das erste Tagebuch der Expeditionen. Ich hatte es mit einem v\u00f6llig anderen Programm geschrieben und es sind serh viele Seiten. Deswegen werde ich es als PDF Datei gestalten und es f\u00fcr die durchwanderten L\u00e4nder, Rum\u00e4nien, Ukaine, Slowakei, Polen &hellip; <a class=\"more-link\" href=\"https:\/\/wordpress.derwegderwoelfe.de\/?page_id=845\">Weiterlesen <span class=\"meta-nav\">&rarr;<\/span><\/a><\/p>\n","protected":false},"author":1,"featured_media":0,"parent":0,"menu_order":0,"comment_status":"closed","ping_status":"closed","template":"","meta":{"footnotes":""},"class_list":["post-845","page","type-page","status-publish","hentry"],"_links":{"self":[{"href":"https:\/\/wordpress.derwegderwoelfe.de\/index.php?rest_route=\/wp\/v2\/pages\/845","targetHints":{"allow":["GET"]}}],"collection":[{"href":"https:\/\/wordpress.derwegderwoelfe.de\/index.php?rest_route=\/wp\/v2\/pages"}],"about":[{"href":"https:\/\/wordpress.derwegderwoelfe.de\/index.php?rest_route=\/wp\/v2\/types\/page"}],"author":[{"embeddable":true,"href":"https:\/\/wordpress.derwegderwoelfe.de\/index.php?rest_route=\/wp\/v2\/users\/1"}],"replies":[{"embeddable":true,"href":"https:\/\/wordpress.derwegderwoelfe.de\/index.php?rest_route=%2Fwp%2Fv2%2Fcomments&post=845"}],"version-history":[{"count":6,"href":"https:\/\/wordpress.derwegderwoelfe.de\/index.php?rest_route=\/wp\/v2\/pages\/845\/revisions"}],"predecessor-version":[{"id":2764,"href":"https:\/\/wordpress.derwegderwoelfe.de\/index.php?rest_route=\/wp\/v2\/pages\/845\/revisions\/2764"}],"wp:attachment":[{"href":"https:\/\/wordpress.derwegderwoelfe.de\/index.php?rest_route=%2Fwp%2Fv2%2Fmedia&parent=845"}],"curies":[{"name":"wp","href":"https:\/\/api.w.org\/{rel}","templated":true}]}}

<p>Hier folgt das erste Tagebuch der Expeditionen. Ich hatte es mit einem völlig anderen Programm geschrieben und es sind serh viele Seiten. Deswegen werde ich es als PDF Datei gestalten und es für die durchwanderten Länder, Rumänien, Ukaine, Slowakei, Polen mit dem Ende in Deutschland verfassen. <a href="https://wordpress.derwegderwoelfe.de/wp-content/uploads/2020/04/Schnee-im-Juni.jpg"><img loading="lazy" decoding="async" class="aligncenter size-full wp-image-2761" src="https://wordpress.derwegderwoelfe.de/wp-content/uploads/2020/04/Schnee-im-Juni.jpg" alt="" width="876" height="584" srcset="https://wordpress.derwegderwoelfe.de/wp-content/uploads/2020/04/Schnee-im-Juni.jpg 876w, https://wordpress.derwegderwoelfe.de/wp-content/uploads/2020/04/Schnee-im-Juni-300x200.jpg 300w, https://wordpress.derwegderwoelfe.de/wp-content/uploads/2020/04/Schnee-im-Juni-768x512.jpg 768w, https://wordpress.derwegderwoelfe.de/wp-content/uploads/2020/04/Schnee-im-Juni-450x300.jpg 450w" sizes="auto, (max-width: 876px) 100vw, 876px" /></a><a href="https://wordpress.derwegderwoelfe.de/wp-content/uploads/2020/04/Klaus-Fengler-Hohe_Tatra_0217.jpg"><img loading="lazy" decoding="async" class="aligncenter size-full wp-image-2762" src="https://wordpress.derwegderwoelfe.de/wp-content/uploads/2020/04/Klaus-Fengler-Hohe_Tatra_0217.jpg" alt="" width="876" height="584" srcset="https://wordpress.derwegderwoelfe.de/wp-content/uploads/2020/04/Klaus-Fengler-Hohe_Tatra_0217.jpg 876w, https://wordpress.derwegderwoelfe.de/wp-content/uploads/2020/04/Klaus-Fengler-Hohe_Tatra_0217-300x200.jpg 300w, https://wordpress.derwegderwoelfe.de/wp-content/uploads/2020/04/Klaus-Fengler-Hohe_Tatra_0217-768x512.jpg 768w, https://wordpress.derwegderwoelfe.de/wp-content/uploads/2020/04/Klaus-Fengler-Hohe_Tatra_0217-450x300.jpg 450w" sizes="auto, (max-width: 876px) 100vw, 876px" /></a> <a href="https://wordpress.derwegderwoelfe.de/wp-content/uploads/2020/04/Kopie-von-Hohe_Tatra_0262.jpg"><img loading="lazy" decoding="async" class="aligncenter size-large wp-image-2763" src="https://wordpress.derwegderwoelfe.de/wp-content/uploads/2020/04/Kopie-von-Hohe_Tatra_0262-1024x683.jpg" alt="" width="940" height="627" srcset="https://wordpress.derwegderwoelfe.de/wp-content/uploads/2020/04/Kopie-von-Hohe_Tatra_0262-1024x683.jpg 1024w, https://wordpress.derwegderwoelfe.de/wp-content/uploads/2020/04/Kopie-von-Hohe_Tatra_0262-300x200.jpg 300w, https://wordpress.derwegderwoelfe.de/wp-content/uploads/2020/04/Kopie-von-Hohe_Tatra_0262-768x512.jpg 768w, https://wordpress.derwegderwoelfe.de/wp-content/uploads/2020/04/Kopie-von-Hohe_Tatra_0262-1536x1024.jpg 1536w, https://wordpress.derwegderwoelfe.de/wp-content/uploads/2020/04/Kopie-von-Hohe_Tatra_0262-450x300.jpg 450w, https://wordpress.derwegderwoelfe.de/wp-content/uploads/2020/04/Kopie-von-Hohe_Tatra_0262.jpg 1752w" sizes="auto, (max-width: 940px) 100vw, 940px" /></a></p>
<p>Expeditionsstrecke, über 2200km zu Fuß von Rumänien nach Sachsen. Bei Schnee, Regen und Hitze.</p>


<div class="wp-block-image"><figure class="aligncenter size-large"><a href="https://wordpress.derwegderwoelfe.de/wp-content/uploads/2020/04/Expeditionsstrecke-2005.jpg"><img loading="lazy" decoding="async" width="1024" height="802" src="https://wordpress.derwegderwoelfe.de/wp-content/uploads/2020/04/Expeditionsstrecke-2005-1024x802.jpg" alt="" class="wp-image-2755" srcset="https://wordpress.derwegderwoelfe.de/wp-content/uploads/2020/04/Expeditionsstrecke-2005-1024x802.jpg 1024w, https://wordpress.derwegderwoelfe.de/wp-content/uploads/2020/04/Expeditionsstrecke-2005-300x235.jpg 300w, https://wordpress.derwegderwoelfe.de/wp-content/uploads/2020/04/Expeditionsstrecke-2005-768x602.jpg 768w, https://wordpress.derwegderwoelfe.de/wp-content/uploads/2020/04/Expeditionsstrecke-2005-1536x1203.jpg 1536w, https://wordpress.derwegderwoelfe.de/wp-content/uploads/2020/04/Expeditionsstrecke-2005-383x300.jpg 383w, https://wordpress.derwegderwoelfe.de/wp-content/uploads/2020/04/Expeditionsstrecke-2005.jpg 1977w" sizes="auto, (max-width: 1024px) 100vw, 1024px" /></a></figure></div>

<p>Hier folgt das erste Tagebuch der Expeditionen. Ich hatte es mit einem völlig anderen Programm geschrieben und es sind serh viele Seiten. Deswegen werde ich es als PDF Datei gestalten und es für die durchwanderten Länder, Rumänien, Ukaine, Slowakei, Polen &hellip; <a class="more-link" href="https://wordpress.derwegderwoelfe.de/?page_id=845">Weiterlesen <span class="meta-nav">&rarr;</span></a></p>
