{"id":856,"date":"2015-06-06T09:09:50","date_gmt":"2015-06-06T08:09:50","guid":{"rendered":"http:\/\/wordpress.derwegderwoelfe.de\/?page_id=856"},"modified":"2019-08-11T14:22:34","modified_gmt":"2019-08-11T13:22:34","slug":"expeditionstagebuch-2008","status":"publish","type":"page","link":"https:\/\/wordpress.derwegderwoelfe.de\/?page_id=856","title":{"rendered":"Expedition 2008, Tschechische Republik"},"content":{"rendered":"<p><strong>Expedition Tschechische Republik, <\/strong><strong>von den Karpaten bis zum Bayerischem Wald<\/strong><\/p>\n<p><strong>Kurzbeschreibung:<br \/>\n<\/strong><\/p>\n<p>Die Expedition begann am 2. Februar bis zum 1.M\u00e4rz 2008.<\/p>\n<p><strong>Ziel<\/strong><\/p>\n<p>Ziel ist es an mehreren Stellen in Tschechien nach Spuren und Hinweisen insbesondere von W\u00f6lfen, Luchse und B\u00e4ren zu suchen. Es geht vor allen Dingen darum die Erfahrung zu machen, welche M\u00f6glichkeiten Wildtiere \u00fcberhaupt haben durch Tschechien hindurch zu wandern.<\/p>\n<p><strong>Karte<a href=\"https:\/\/wordpress.derwegderwoelfe.de\/wp-content\/uploads\/2019\/08\/Czech-research.jpg\"><img loading=\"lazy\" decoding=\"async\" class=\"aligncenter size-large wp-image-2296\" src=\"https:\/\/wordpress.derwegderwoelfe.de\/wp-content\/uploads\/2019\/08\/Czech-research-1024x742.jpg\" alt=\"\" width=\"940\" height=\"681\" srcset=\"https:\/\/wordpress.derwegderwoelfe.de\/wp-content\/uploads\/2019\/08\/Czech-research-1024x742.jpg 1024w, https:\/\/wordpress.derwegderwoelfe.de\/wp-content\/uploads\/2019\/08\/Czech-research-300x217.jpg 300w, https:\/\/wordpress.derwegderwoelfe.de\/wp-content\/uploads\/2019\/08\/Czech-research-768x557.jpg 768w, https:\/\/wordpress.derwegderwoelfe.de\/wp-content\/uploads\/2019\/08\/Czech-research-414x300.jpg 414w\" sizes=\"auto, (max-width: 940px) 100vw, 940px\" \/><\/a><\/strong><\/p>\n<p>Die schwarzen Kreise zeigen ungef\u00e4hr die Gebiete, die wir auf der Expedition nach Spuren absuchen wollen. Wie intensiv wir dieses Monitoring durchf\u00fchren k\u00f6nnen ist neben g\u00fcnstigen Wetterbedingungen auch davon abh\u00e4ngig wie viele Leute wir am Ende sind.<\/p>\n<p><strong>Hintergrund<\/strong><\/p>\n<p>Seit vielen Jahren tauchen immer wieder W\u00f6lfe in der Umgebung des Bayerischen Waldes auf. Doch woher die W\u00f6lfe kommen ist v\u00f6llig unklar. Im Bayerischen Wald gibt es eine Luchspopulation, die mit den Luchsen auf der tschechischen Seite in Verbindung stehen. Doch ob und wie die Luchse im Westen in einem Austausch mit den Luchsen an der Grenze zur Slowakei stehen ist v\u00f6llig unklar. Zum dritten habe ich auf meiner Expedition 2005 erfahren, dass vor einigen Jahren B\u00e4ren im tschechisch\/polnischen Grenzraum aufgetaucht sind, nur etwa 150-200km von der ostdeutschen Grenze entfernt. Auch hier ist v\u00f6llig unklar wie diese B\u00e4ren dort hingelangt sind.<\/p>\n<p><strong>Umsetzung<\/strong><\/p>\n<p>Anders&nbsp;als die bisherigen Expeditionen m\u00f6chte ich diesmal nicht die gesamte Strecke an einem St\u00fcck abwandern, sondern mich auf bestimmte Gebiete konzentrieren, die wir dann mit leichtem Tagesgep\u00e4ck nach Spuren und Hinweisen absuchen werden. Ebenfalls anders als bisher, bespreche ich diese Expedition mit tschechischen Kollegen in dem Sinn, dass wir falls m\u00f6glich und gen\u00fcgend Teilnehmer mitmachen in 2 Teams arbeiten k\u00f6nnen.<\/p>\n<p>Noch eine \u00c4nderung. Da wir eine solche Untersuchung nur im Winter halbwegs sinnvoll durchf\u00fchren k\u00f6nnen, werden wir versuchen H\u00fctten oder lokale Gasth\u00e4user als Ausgangsort in Anspruch zu nehmen. Wir werden folglich mit dem Auto in die jeweiligen Zielgebiete fahren und dann vor Ort f\u00fcr mehrere Tage intensiv nach Spuren suchen, w\u00e4hrend wir abends eben in einer H\u00fctte oder einer lokalen Pension \u00fcbernachten. Wer trotzdem drau\u00dfen schlafen m\u00f6chte, kann dies gerne mit mir tun. Wir werden also ersten kein schweres Gep\u00e4ck schleppen m\u00fcssen und zweitens wird es etwas bequemer sein, was im Winter durchaus vorteilhaft sein kann.<\/p>\n<p><strong>Karte Ergebnis:<\/strong> gr\u00fcner Pin = Spur Wolf, oranger Pin = Spur Luchs, blau = Suchgebiete, gelber Pin = Kadaver.<\/p>\n<p><a href=\"https:\/\/wordpress.derwegderwoelfe.de\/wp-content\/uploads\/2019\/08\/Test-google-earth.jpg\"><img loading=\"lazy\" decoding=\"async\" class=\"aligncenter size-large wp-image-2297\" src=\"https:\/\/wordpress.derwegderwoelfe.de\/wp-content\/uploads\/2019\/08\/Test-google-earth-1024x755.jpg\" alt=\"\" width=\"940\" height=\"693\" srcset=\"https:\/\/wordpress.derwegderwoelfe.de\/wp-content\/uploads\/2019\/08\/Test-google-earth-1024x755.jpg 1024w, https:\/\/wordpress.derwegderwoelfe.de\/wp-content\/uploads\/2019\/08\/Test-google-earth-300x221.jpg 300w, https:\/\/wordpress.derwegderwoelfe.de\/wp-content\/uploads\/2019\/08\/Test-google-earth-768x566.jpg 768w, https:\/\/wordpress.derwegderwoelfe.de\/wp-content\/uploads\/2019\/08\/Test-google-earth-407x300.jpg 407w, https:\/\/wordpress.derwegderwoelfe.de\/wp-content\/uploads\/2019\/08\/Test-google-earth.jpg 1280w\" sizes=\"auto, (max-width: 940px) 100vw, 940px\" \/><\/a><\/p>\n<h3><a href=\"https:\/\/wordpress.derwegderwoelfe.de\/?page_id=2292\">zum Tagebuch&#8230;.<\/a><\/h3>\n","protected":false},"excerpt":{"rendered":"<p>Expedition Tschechische Republik, von den Karpaten bis zum Bayerischem Wald Kurzbeschreibung: Die Expedition begann am 2. Februar bis zum 1.M\u00e4rz 2008. Ziel Ziel ist es an mehreren Stellen in Tschechien nach Spuren und Hinweisen insbesondere von W\u00f6lfen, Luchse und B\u00e4ren &hellip; <a class=\"more-link\" href=\"https:\/\/wordpress.derwegderwoelfe.de\/?page_id=856\">Weiterlesen <span class=\"meta-nav\">&rarr;<\/span><\/a><\/p>\n","protected":false},"author":1,"featured_media":0,"parent":0,"menu_order":0,"comment_status":"closed","ping_status":"closed","template":"","meta":{"footnotes":""},"class_list":["post-856","page","type-page","status-publish","hentry"],"_links":{"self":[{"href":"https:\/\/wordpress.derwegderwoelfe.de\/index.php?rest_route=\/wp\/v2\/pages\/856","targetHints":{"allow":["GET"]}}],"collection":[{"href":"https:\/\/wordpress.derwegderwoelfe.de\/index.php?rest_route=\/wp\/v2\/pages"}],"about":[{"href":"https:\/\/wordpress.derwegderwoelfe.de\/index.php?rest_route=\/wp\/v2\/types\/page"}],"author":[{"embeddable":true,"href":"https:\/\/wordpress.derwegderwoelfe.de\/index.php?rest_route=\/wp\/v2\/users\/1"}],"replies":[{"embeddable":true,"href":"https:\/\/wordpress.derwegderwoelfe.de\/index.php?rest_route=%2Fwp%2Fv2%2Fcomments&post=856"}],"version-history":[{"count":3,"href":"https:\/\/wordpress.derwegderwoelfe.de\/index.php?rest_route=\/wp\/v2\/pages\/856\/revisions"}],"predecessor-version":[{"id":2299,"href":"https:\/\/wordpress.derwegderwoelfe.de\/index.php?rest_route=\/wp\/v2\/pages\/856\/revisions\/2299"}],"wp:attachment":[{"href":"https:\/\/wordpress.derwegderwoelfe.de\/index.php?rest_route=%2Fwp%2Fv2%2Fmedia&parent=856"}],"curies":[{"name":"wp","href":"https:\/\/api.w.org\/{rel}","templated":true}]}}

<p><strong>Expedition Tschechische Republik, </strong><strong>von den Karpaten bis zum Bayerischem Wald</strong></p>
<p><strong>Kurzbeschreibung:<br />
</strong></p>
<p>Die Expedition begann am 2. Februar bis zum 1.März 2008.</p>
<p><strong>Ziel</strong></p>
<p>Ziel ist es an mehreren Stellen in Tschechien nach Spuren und Hinweisen insbesondere von Wölfen, Luchse und Bären zu suchen. Es geht vor allen Dingen darum die Erfahrung zu machen, welche Möglichkeiten Wildtiere überhaupt haben durch Tschechien hindurch zu wandern.</p>
<p><strong>Karte<a href="https://wordpress.derwegderwoelfe.de/wp-content/uploads/2019/08/Czech-research.jpg"><img loading="lazy" decoding="async" class="aligncenter size-large wp-image-2296" src="https://wordpress.derwegderwoelfe.de/wp-content/uploads/2019/08/Czech-research-1024x742.jpg" alt="" width="940" height="681" srcset="https://wordpress.derwegderwoelfe.de/wp-content/uploads/2019/08/Czech-research-1024x742.jpg 1024w, https://wordpress.derwegderwoelfe.de/wp-content/uploads/2019/08/Czech-research-300x217.jpg 300w, https://wordpress.derwegderwoelfe.de/wp-content/uploads/2019/08/Czech-research-768x557.jpg 768w, https://wordpress.derwegderwoelfe.de/wp-content/uploads/2019/08/Czech-research-414x300.jpg 414w" sizes="auto, (max-width: 940px) 100vw, 940px" /></a></strong></p>
<p>Die schwarzen Kreise zeigen ungefähr die Gebiete, die wir auf der Expedition nach Spuren absuchen wollen. Wie intensiv wir dieses Monitoring durchführen können ist neben günstigen Wetterbedingungen auch davon abhängig wie viele Leute wir am Ende sind.</p>
<p><strong>Hintergrund</strong></p>
<p>Seit vielen Jahren tauchen immer wieder Wölfe in der Umgebung des Bayerischen Waldes auf. Doch woher die Wölfe kommen ist völlig unklar. Im Bayerischen Wald gibt es eine Luchspopulation, die mit den Luchsen auf der tschechischen Seite in Verbindung stehen. Doch ob und wie die Luchse im Westen in einem Austausch mit den Luchsen an der Grenze zur Slowakei stehen ist völlig unklar. Zum dritten habe ich auf meiner Expedition 2005 erfahren, dass vor einigen Jahren Bären im tschechisch/polnischen Grenzraum aufgetaucht sind, nur etwa 150-200km von der ostdeutschen Grenze entfernt. Auch hier ist völlig unklar wie diese Bären dort hingelangt sind.</p>
<p><strong>Umsetzung</strong></p>
<p>Anders&nbsp;als die bisherigen Expeditionen möchte ich diesmal nicht die gesamte Strecke an einem Stück abwandern, sondern mich auf bestimmte Gebiete konzentrieren, die wir dann mit leichtem Tagesgepäck nach Spuren und Hinweisen absuchen werden. Ebenfalls anders als bisher, bespreche ich diese Expedition mit tschechischen Kollegen in dem Sinn, dass wir falls möglich und genügend Teilnehmer mitmachen in 2 Teams arbeiten können.</p>
<p>Noch eine Änderung. Da wir eine solche Untersuchung nur im Winter halbwegs sinnvoll durchführen können, werden wir versuchen Hütten oder lokale Gasthäuser als Ausgangsort in Anspruch zu nehmen. Wir werden folglich mit dem Auto in die jeweiligen Zielgebiete fahren und dann vor Ort für mehrere Tage intensiv nach Spuren suchen, während wir abends eben in einer Hütte oder einer lokalen Pension übernachten. Wer trotzdem draußen schlafen möchte, kann dies gerne mit mir tun. Wir werden also ersten kein schweres Gepäck schleppen müssen und zweitens wird es etwas bequemer sein, was im Winter durchaus vorteilhaft sein kann.</p>
<p><strong>Karte Ergebnis:</strong> grüner Pin = Spur Wolf, oranger Pin = Spur Luchs, blau = Suchgebiete, gelber Pin = Kadaver.</p>
<p><a href="https://wordpress.derwegderwoelfe.de/wp-content/uploads/2019/08/Test-google-earth.jpg"><img loading="lazy" decoding="async" class="aligncenter size-large wp-image-2297" src="https://wordpress.derwegderwoelfe.de/wp-content/uploads/2019/08/Test-google-earth-1024x755.jpg" alt="" width="940" height="693" srcset="https://wordpress.derwegderwoelfe.de/wp-content/uploads/2019/08/Test-google-earth-1024x755.jpg 1024w, https://wordpress.derwegderwoelfe.de/wp-content/uploads/2019/08/Test-google-earth-300x221.jpg 300w, https://wordpress.derwegderwoelfe.de/wp-content/uploads/2019/08/Test-google-earth-768x566.jpg 768w, https://wordpress.derwegderwoelfe.de/wp-content/uploads/2019/08/Test-google-earth-407x300.jpg 407w, https://wordpress.derwegderwoelfe.de/wp-content/uploads/2019/08/Test-google-earth.jpg 1280w" sizes="auto, (max-width: 940px) 100vw, 940px" /></a></p>
<h3><a href="https://wordpress.derwegderwoelfe.de/?page_id=2292">zum Tagebuch&#8230;.</a></h3>

<p>Expedition Tschechische Republik, von den Karpaten bis zum Bayerischem Wald Kurzbeschreibung: Die Expedition begann am 2. Februar bis zum 1.März 2008. Ziel Ziel ist es an mehreren Stellen in Tschechien nach Spuren und Hinweisen insbesondere von Wölfen, Luchse und Bären &hellip; <a class="more-link" href="https://wordpress.derwegderwoelfe.de/?page_id=856">Weiterlesen <span class="meta-nav">&rarr;</span></a></p>
